{"id":16652,"date":"2019-12-01T23:24:38","date_gmt":"2019-12-01T23:24:38","guid":{"rendered":"https:\/\/szekacs.lutheran.hu\/iskola\/?page_id=16652"},"modified":"2025-11-12T09:51:54","modified_gmt":"2025-11-12T09:51:54","slug":"tanaraink","status":"publish","type":"page","link":"https:\/\/szekacs.lutheran.hu\/iskola\/tanaraink\/","title":{"rendered":"Tan\u00e1raink"},"content":{"rendered":"<div id=\"cmsmasters_row_xpt781412y\" class=\"cmsmasters_row cmsmasters_color_scheme_default cmsmasters_row_top_default cmsmasters_row_bot_default cmsmasters_row_boxed\">\n<div class=\"cmsmasters_row_outer_parent\">\n<div class=\"cmsmasters_row_outer\">\n<div class=\"cmsmasters_row_inner\">\n<div class=\"cmsmasters_row_margin\">\n<div id=\"cmsmasters_column_uq6om2056l\" class=\"cmsmasters_column one_first\">\n<div class=\"cmsmasters_column_inner\"><div id=\"cmsmasters_heading_bgmzwkp9o4\" class=\"cmsmasters_heading_wrap cmsmasters_heading_align_left\">\n\t<h2 class=\"cmsmasters_heading\">Iskol\u00e1nk tan\u00e1rai \u00e9s pedag\u00f3giai munk\u00e1t seg\u00edt\u0151 dolgoz\u00f3i<\/h2>\n<\/div><div class=\"cmsmasters_text\">\n<p>&nbsp;<\/p>\n<table class=\"table1\" style=\"height: 1918px; width: 726px;\" cellspacing=\"0\" cellpadding=\"0\">\n<tbody>\n<tr style=\"height: 24px;\">\n<td style=\"width: 314.583px; height: 24px;\"><strong>N\u00e9v<\/strong><\/td>\n<td style=\"width: 406.217px; height: 24px;\"><strong>Szak<\/strong><\/td>\n<\/tr>\n<tr style=\"height: 24px;\">\n<td style=\"width: 314.583px; height: 24px;\">Antal L\u00e1szl\u00f3<\/td>\n<td style=\"width: 406.217px; height: 24px;\">digit\u00e1lis kult\u00fara<\/td>\n<\/tr>\n<tr style=\"height: 24px;\">\n<td style=\"width: 314.583px; height: 24px;\">Antali Imre \u00c1kos<\/td>\n<td style=\"width: 406.217px; height: 24px;\">matematika<\/td>\n<\/tr>\n<tr style=\"height: 24px;\">\n<td style=\"width: 314.583px; height: 24px;\">Bacsurn\u00e9 Nagy Ildik\u00f3<\/td>\n<td style=\"width: 406.217px; height: 24px;\">angol nyelvtan\u00e1r<\/td>\n<\/tr>\n<tr style=\"height: 24px;\">\n<td style=\"width: 314.583px; height: 24px;\">Bag\u00f3czki Ram\u00f3na<\/td>\n<td style=\"width: 406.217px; height: 24px;\">iskolapszichol\u00f3gus<\/td>\n<\/tr>\n<tr style=\"height: 24px;\">\n<td style=\"width: 314.583px; height: 24px;\">Bal\u00e1zs Viola<\/td>\n<td style=\"width: 406.217px; height: 24px;\">pedag\u00f3giai asszisztens, n\u00e9pt\u00e1nc<\/td>\n<\/tr>\n<tr style=\"height: 24px;\">\n<td style=\"width: 314.583px; height: 24px;\">B\u00e1nki-Horv\u00e1thn\u00e9 Gy\u00f6mrei M\u00e9dea<\/td>\n<td style=\"width: 406.217px; height: 24px;\">pedag\u00f3giai asszisztens<\/td>\n<\/tr>\n<tr style=\"height: 24px;\">\n<td style=\"width: 314.583px; height: 24px;\">B\u00e1nszki-F\u00e1bi\u00e1n Aranka<\/td>\n<td style=\"width: 406.217px; height: 24px;\">tan\u00edt\u00f3, fejleszt\u0151 pedag\u00f3gus<\/td>\n<\/tr>\n<tr style=\"height: 24px;\">\n<td style=\"width: 314.583px; height: 25px;\">Bar\u00e1k G\u00e1bor<\/td>\n<td style=\"width: 406.217px; height: 25px;\">matematika, digit\u00e1lis kult\u00fara<\/td>\n<\/tr>\n<tr style=\"height: 24px;\">\n<td style=\"width: 314.583px; height: 24px;\">Bende Katalin<\/td>\n<td style=\"width: 406.217px; height: 24px;\">tan\u00edt\u00f3<\/td>\n<\/tr>\n<tr style=\"height: 48px;\">\n<td style=\"width: 314.583px; height: 25px;\">Bene Gabriella<\/td>\n<td style=\"width: 406.217px; height: 25px;\">tan\u00edt\u00f3, term\u00e9szettudom\u00e1ny m\u0171velts\u00e9gter\u00fclet<\/td>\n<\/tr>\n<tr style=\"height: 24px;\">\n<td style=\"width: 314.583px; height: 24px;\">Benk\u0151 M\u00e1rta<\/td>\n<td style=\"width: 406.217px; height: 24px;\">n\u00e9met nyelvtan\u00e1r<\/td>\n<\/tr>\n<tr style=\"height: 24px;\">\n<td style=\"width: 314.583px; height: 24px;\">Berta T\u00fcnde<\/td>\n<td style=\"width: 406.217px; height: 24px;\">tan\u00edt\u00f3, hitoktat\u00f3<\/td>\n<\/tr>\n<tr style=\"height: 24px;\">\n<td style=\"width: 314.583px; height: 24px;\">Celusk\u00e1n\u00e9 Csepregi Al\u00edcia<\/td>\n<td style=\"width: 406.217px; height: 24px;\">tan\u00edt\u00f3, vizu\u00e1lis kult\u00fara, mozg\u00f3k\u00e9pkult\u00fara, hon- \u00e9s n\u00e9pismeret, hitoktat\u00f3<\/td>\n<\/tr>\n<tr style=\"height: 24px;\">\n<td style=\"width: 314.583px; height: 24px;\">Curpasn\u00e9 Rosinsky T\u00fcnde<\/td>\n<td style=\"width: 406.217px; height: 24px;\">tan\u00edt\u00f3, vizu\u00e1lis kult\u00fara, f\u00f6ldrajz, gy\u00f3gypedag\u00f3gus<\/td>\n<\/tr>\n<tr style=\"height: 24px;\">\n<td style=\"width: 314.583px; height: 24px;\">Csete Attila<\/td>\n<td style=\"width: 406.217px; height: 24px;\">rendszergazda<\/td>\n<\/tr>\n<tr style=\"height: 24px;\">\n<td style=\"width: 314.583px; height: 24px;\">Csicsely Szilvia<\/td>\n<td style=\"width: 406.217px; height: 24px;\">n\u00e9met nyelvtan\u00e1r<\/td>\n<\/tr>\n<tr style=\"height: 24px;\">\n<td style=\"width: 314.583px; height: 24px;\">De\u00e1k P\u00e9ter<\/td>\n<td style=\"width: 406.217px; height: 24px;\">t\u00f6rt\u00e9nelem, f\u00f6ldrajz, honv\u00e9delmi alapismeretek<\/td>\n<\/tr>\n<tr style=\"height: 24px;\">\n<td style=\"width: 314.583px; height: 24px;\">D\u00e9r Tam\u00e1s<\/td>\n<td style=\"width: 406.217px; height: 24px;\">tan\u00edt\u00f3, informatika m\u0171velts\u00e9gter\u00fclet<\/td>\n<\/tr>\n<tr style=\"height: 24px;\">\n<td style=\"width: 314.583px; height: 24px;\">Dim\u00e1kn\u00e9 Zsoldi Katalin<\/td>\n<td style=\"width: 406.217px; height: 24px;\">katolikus hitoktat\u00f3<\/td>\n<\/tr>\n<tr style=\"height: 24px;\">\n<td style=\"width: 314.583px; height: 24px;\">Divinyi-Vir\u00e1g M\u00f3nika<\/td>\n<td style=\"width: 406.217px; height: 24px;\">tan\u00edt\u00f3<\/td>\n<\/tr>\n<tr style=\"height: 24px;\">\n<td style=\"width: 314.583px; height: 24px;\">Dobr\u00f3ka-Kir\u00e1ly Olga<\/td>\n<td style=\"width: 406.217px; height: 24px;\">n\u00e9met nyelvtan\u00e1r<\/td>\n<\/tr>\n<tr style=\"height: 24px;\">\n<td style=\"width: 314.583px; height: 24px;\">Domj\u00e1nn\u00e9 Sz\u00f3lik Anik\u00f3<\/td>\n<td style=\"width: 406.217px; height: 24px;\">tan\u00edt\u00f3, \u00e9nek &#8211; zene<\/td>\n<\/tr>\n<tr style=\"height: 24px;\">\n<td style=\"width: 314.583px; height: 24px;\">Fazekas Andr\u00e1s<\/td>\n<td style=\"width: 406.217px; height: 24px;\">k\u00e9mia, biol\u00f3gia<\/td>\n<\/tr>\n<tr style=\"height: 24px;\">\n<td style=\"width: 314.583px; height: 24px;\">Fazekasn\u00e9 Jankov Ildik\u00f3<\/td>\n<td style=\"width: 406.217px; height: 24px;\">tan\u00edt\u00f3, angol m\u0171velts\u00e9gter\u00fclet<\/td>\n<\/tr>\n<tr style=\"height: 24px;\">\n<td style=\"width: 314.583px; height: 24px;\">Feket\u00e9n\u00e9 Erhardt Ildik\u00f3<\/td>\n<td style=\"width: 406.217px; height: 24px;\">napk\u00f6zis nevel\u0151<\/td>\n<\/tr>\n<tr style=\"height: 24px;\">\n<td style=\"width: 314.583px; height: 24px;\">Feket\u00e9n\u00e9 Varga M\u00f3nika<\/td>\n<td style=\"width: 406.217px; height: 24px;\">tan\u00edt\u00f3<\/td>\n<\/tr>\n<tr style=\"height: 24px;\">\n<td style=\"width: 314.583px; height: 24px;\">Felegyi-N\u00e9meth M\u00e1ria<\/td>\n<td style=\"width: 406.217px; height: 24px;\">iskolalelk\u00e9sz<\/td>\n<\/tr>\n<tr style=\"height: 24px;\">\n<td style=\"width: 314.583px; height: 24px;\">Felegyi-N\u00e9meth Mih\u00e1ly<\/td>\n<td style=\"width: 406.217px; height: 24px;\">evang\u00e9likus lelk\u00e9sz<\/td>\n<\/tr>\n<tr style=\"height: 24px;\">\n<td style=\"width: 314.583px; height: 24px;\">F\u00f6ldesin\u00e9 Er\u0151s Kl\u00e1ra<\/td>\n<td style=\"width: 406.217px; height: 24px;\">tan\u00edt\u00f3, n\u00e9met nyelvtan\u00e1r<\/td>\n<\/tr>\n<tr style=\"height: 24px;\">\n<td style=\"width: 314.583px; height: 24px;\">F\u00f6ldesi R\u00f3bert<\/td>\n<td style=\"width: 406.217px; height: 24px;\">testnevel\u00e9s<\/td>\n<\/tr>\n<tr style=\"height: 24px;\">\n<td style=\"width: 314.583px; height: 24px;\">F\u00fcredi \u00c1kos<\/td>\n<td style=\"width: 406.217px; height: 24px;\">fizika, n\u00e9pt\u00e1nc<\/td>\n<\/tr>\n<tr style=\"height: 24px;\">\n<td style=\"width: 314.583px; height: 24px;\">Hajdu Attila<\/td>\n<td style=\"width: 406.217px; height: 24px;\">t\u00f6rt\u00e9nelem, \u00e1llampolg\u00e1ri ismeretek<\/td>\n<\/tr>\n<tr style=\"height: 24px;\">\n<td style=\"width: 314.583px; height: 24px;\">Hal\u00e1szn\u00e9 L\u00e1z\u00e1r Kitti<\/td>\n<td style=\"width: 406.217px; height: 24px;\">iskolatitk\u00e1r<\/td>\n<\/tr>\n<tr style=\"height: 24px;\">\n<td style=\"width: 314.583px; height: 24px;\">H\u00e9jja R\u00e9ka Marietta<\/td>\n<td style=\"width: 406.217px; height: 24px;\">tan\u00edt\u00f3<\/td>\n<\/tr>\n<tr style=\"height: 24px;\">\n<td style=\"width: 314.583px; height: 24px;\">Horv\u00e1th-Ol\u00e1h M\u00e1ria<\/td>\n<td style=\"width: 406.217px; height: 24px;\">pedag\u00f3giai asszisztens<\/td>\n<\/tr>\n<tr style=\"height: 24px;\">\n<td style=\"width: 314.583px; height: 24px;\">Jank\u00f3 M\u00f3nika<\/td>\n<td style=\"width: 406.217px; height: 24px;\">tan\u00edt\u00f3<\/td>\n<\/tr>\n<tr style=\"height: 24px;\">\n<td style=\"width: 314.583px; height: 24px;\">Jeszenszky-Paulovics L\u00e1szl\u00f3<\/td>\n<td style=\"width: 406.217px; height: 24px;\">testnevel\u00e9s<\/td>\n<\/tr>\n<tr style=\"height: 24px;\">\n<td style=\"width: 314.583px; height: 24px;\">Jeszenszky-Paulovicsn\u00e9 Kurunczi Olga<\/td>\n<td style=\"width: 406.217px; height: 24px;\">\u00f3vodatitk\u00e1r<\/td>\n<\/tr>\n<tr style=\"height: 24px;\">\n<td style=\"width: 314.583px; height: 24px;\">Juh\u00e1sz L\u00e1szl\u00f3<\/td>\n<td style=\"width: 406.217px; height: 24px;\">labor\u00e1ns<\/td>\n<\/tr>\n<tr style=\"height: 24px;\">\n<td style=\"width: 314.583px; height: 24px;\">Juh\u00e1szn\u00e9 Str\u00e9ling Judit<\/td>\n<td style=\"width: 406.217px; height: 24px;\">tan\u00edt\u00f3<\/td>\n<\/tr>\n<tr style=\"height: 24px;\">\n<td style=\"width: 314.583px; height: 24px;\">Kiss \u00c1kosn\u00e9<\/td>\n<td style=\"width: 406.217px; height: 24px;\">magyar nyelv \u00e9s irodalom, dr\u00e1ma \u00e9s sz\u00ednh\u00e1z<\/td>\n<\/tr>\n<tr style=\"height: 24px;\">\n<td style=\"width: 314.583px; height: 24px;\">Kiss T\u00edmea<\/td>\n<td style=\"width: 406.217px; height: 24px;\">tan\u00edt\u00f3<\/td>\n<\/tr>\n<tr style=\"height: 24px;\">\n<td style=\"width: 314.583px; height: 24px;\">Koczka Istv\u00e1nn\u00e9<\/td>\n<td style=\"width: 406.217px; height: 24px;\">biol\u00f3gia, f\u00f6ldrajz<\/td>\n<\/tr>\n<tr style=\"height: 24px;\">\n<td style=\"width: 314.583px; height: 24px;\">Koncsek \u00c1rp\u00e1dn\u00e9<\/td>\n<td style=\"width: 406.217px; height: 24px;\">magyar nyelv \u00e9s irodalom<\/td>\n<\/tr>\n<tr style=\"height: 24px;\">\n<td style=\"width: 314.583px; height: 24px;\">Kov\u00e1csn\u00e9 Misurda Ilona<\/td>\n<td style=\"width: 406.217px; height: 24px;\">angol nyelvtan\u00e1r<\/td>\n<\/tr>\n<tr style=\"height: 24px;\">\n<td style=\"width: 314.583px; height: 24px;\">Laczki J\u00e1nos<\/td>\n<td style=\"width: 406.217px; height: 24px;\">evang\u00e9likus lelk\u00e9sz<\/td>\n<\/tr>\n<tr style=\"height: 24px;\">\n<td style=\"width: 314.583px; height: 24px;\">Lengyel Be\u00e1ta<\/td>\n<td style=\"width: 406.217px; height: 24px;\">n\u00e9met nyelvtan\u00e1r<\/td>\n<\/tr>\n<tr style=\"height: 24px;\">\n<td style=\"width: 314.583px; height: 24px;\">Lovas Erzs\u00e9bet<\/td>\n<td style=\"width: 406.217px; height: 24px;\">tan\u00edt\u00f3, n\u00e9met nyelvtan\u00e1r<\/td>\n<\/tr>\n<tr style=\"height: 24px;\">\n<td style=\"width: 314.583px; height: 24px;\">Machan Szilvia<\/td>\n<td style=\"width: 406.217px; height: 24px;\">iskolatitk\u00e1r<\/td>\n<\/tr>\n<tr style=\"height: 24px;\">\n<td style=\"width: 314.583px; height: 24px;\">Nagy \u00c9va<\/td>\n<td style=\"width: 406.217px; height: 24px;\">tan\u00edt\u00f3, napk\u00f6zis nevel\u0151<\/td>\n<\/tr>\n<tr style=\"height: 24px;\">\n<td style=\"width: 314.583px; height: 24px;\">Nagyn\u00e9 D\u00f6m\u00f6t\u00f6r M\u00e1rta<\/td>\n<td style=\"width: 406.217px; height: 24px;\">matematika<\/td>\n<\/tr>\n<tr style=\"height: 24px;\">\n<td style=\"width: 314.583px; height: 24px;\">Nagyn\u00e9 Gy\u00f6rgyi Szilvia<\/td>\n<td style=\"width: 406.217px; height: 24px;\">tan\u00edt\u00f3, gy\u00f3gypedag\u00f3gus, hittan\u00e1r<\/td>\n<\/tr>\n<tr style=\"height: 24px;\">\n<td style=\"width: 314.583px; height: 24px;\">Nagy R\u00f3bert<\/td>\n<td style=\"width: 406.217px; height: 24px;\">angol, spanyol nyelvtan\u00e1r, hittan\u00e1r<\/td>\n<\/tr>\n<tr style=\"height: 24px;\">\n<td style=\"width: 314.583px; height: 24px;\">N\u00e9meth-Csiki Rebeka<\/td>\n<td style=\"width: 406.217px; height: 24px;\">testnevel\u00e9s<\/td>\n<\/tr>\n<tr style=\"height: 24px;\">\n<td style=\"width: 314.583px; height: 24px;\">N\u00e9meth Szilvia<\/td>\n<td style=\"width: 406.217px; height: 24px;\">tan\u00edt\u00f3, angol m\u0171velts\u00e9gter\u00fclet<\/td>\n<\/tr>\n<tr style=\"height: 24px;\">\n<td style=\"width: 314.583px; height: 24px;\">Ol\u00e1h J\u00e1nos<\/td>\n<td style=\"width: 406.217px; height: 24px;\">f\u00f6ldrajz, term\u00e9szettudom\u00e1ny, honv\u00e9delmi alapismeretek<\/td>\n<\/tr>\n<tr style=\"height: 24px;\">\n<td style=\"width: 314.583px; height: 24px;\">Orb\u00e1nn\u00e9 Kov\u00e1cs Ilona<\/td>\n<td style=\"width: 406.217px; height: 24px;\">tan\u00edt\u00f3, n\u00e9pt\u00e1ncoktat\u00f3<\/td>\n<\/tr>\n<tr style=\"height: 24px;\">\n<td style=\"width: 314.583px; height: 24px;\">\u00d6kr\u00f6sn\u00e9 Miszlai Edit<\/td>\n<td style=\"width: 406.217px; height: 24px;\">angol nyelvtan\u00e1r<\/td>\n<\/tr>\n<tr style=\"height: 24px;\">\n<td style=\"width: 314.583px; height: 24px;\">\u00d6rd\u00f6g Endre<\/td>\n<td style=\"width: 406.217px; height: 24px;\">evang\u00e9likus lelk\u00e9sz<\/td>\n<\/tr>\n<tr style=\"height: 24px;\">\n<td style=\"width: 314.583px; height: 24px;\">Palcsekn\u00e9 J\u00f3zsa Szilvia<\/td>\n<td style=\"width: 406.217px; height: 24px;\">tan\u00edt\u00f3<\/td>\n<\/tr>\n<tr style=\"height: 24px;\">\n<td style=\"width: 314.583px; height: 24px;\"><\/td>\n<td style=\"width: 406.217px; height: 24px;\"><\/td>\n<\/tr>\n<tr style=\"height: 24px;\">\n<td style=\"width: 314.583px; height: 24px;\">Petrusn\u00e9 Katona Be\u00e1ta<\/td>\n<td style=\"width: 406.217px; height: 24px;\">katolikus hitoktat\u00f3<\/td>\n<\/tr>\n<tr style=\"height: 24px;\">\n<td style=\"width: 314.583px; height: 24px;\">Po\u00f3rn\u00e9 Bokor Hajnalka<\/td>\n<td style=\"width: 406.217px; height: 24px;\">tan\u00edt\u00f3, informatika m\u0171velts\u00e9gter\u00fclet<\/td>\n<\/tr>\n<tr style=\"height: 24px;\">\n<td style=\"width: 314.583px; height: 24px;\">Ravaszn\u00e9 Horv\u00e1th Marianna<\/td>\n<td style=\"width: 406.217px; height: 24px;\">tan\u00edt\u00f3<\/td>\n<\/tr>\n<tr style=\"height: 24px;\">\n<td style=\"width: 314.583px; height: 24px;\">Samun\u00e9 Jenei M\u00e1ria<\/td>\n<td style=\"width: 406.217px; height: 24px;\">magyar nyelv \u00e9s irodalom<\/td>\n<\/tr>\n<tr style=\"height: 24px;\">\n<td style=\"width: 314.583px; height: 24px;\">S\u00e1rik Marianna<\/td>\n<td style=\"width: 406.217px; height: 24px;\">tan\u00edt\u00f3<\/td>\n<\/tr>\n<tr style=\"height: 24px;\">\n<td style=\"width: 314.583px; height: 24px;\">Schmittinger Anik\u00f3<\/td>\n<td style=\"width: 406.217px; height: 24px;\">angol nyelvtan\u00e1r<\/td>\n<\/tr>\n<tr style=\"height: 24px;\">\n<td style=\"width: 314.583px; height: 24px;\">Szalkay R\u00f3bert<\/td>\n<td style=\"width: 406.217px; height: 24px;\">reform\u00e1tus lelk\u00e9sz<\/td>\n<\/tr>\n<tr style=\"height: 24px;\">\n<td style=\"width: 314.583px; height: 24px;\">Szalkay Tam\u00e1s<\/td>\n<td style=\"width: 406.217px; height: 24px;\">reform\u00e1tus hittan\u00e1r<\/td>\n<\/tr>\n<tr style=\"height: 24px;\">\n<td style=\"width: 314.583px; height: 24px;\">Szenczi Mariann<\/td>\n<td style=\"width: 406.217px; height: 24px;\">tan\u00edt\u00f3<\/td>\n<\/tr>\n<tr style=\"height: 24px;\">\n<td style=\"width: 314.583px; height: 24px;\">Sz\u0151ke-Kili\u00e1n Szilvia<\/td>\n<td style=\"width: 406.217px; height: 24px;\">magyar nyelv \u00e9s irodalom, hittan\u00e1r<\/td>\n<\/tr>\n<tr style=\"height: 24px;\">\n<td style=\"width: 314.583px; height: 24px;\">Tak\u00e1cs Ildik\u00f3<\/td>\n<td style=\"width: 406.217px; height: 24px;\">magyar nyelv \u00e9s irodalom, t\u00f6rt\u00e9nelem<\/td>\n<\/tr>\n<tr style=\"height: 24px;\">\n<td style=\"width: 314.583px; height: 24px;\">Tornyain\u00e9 Kov\u00e1cs Julianna<\/td>\n<td style=\"width: 406.217px; height: 24px;\">matematika<\/td>\n<\/tr>\n<tr style=\"height: 24px;\">\n<td style=\"width: 314.583px; height: 24px;\">T\u00f3szeczki Izabella<\/td>\n<td style=\"width: 406.217px; height: 24px;\">t\u00e1rsast\u00e1nc<\/td>\n<\/tr>\n<tr>\n<td style=\"width: 314.583px;\">Dr T\u00f3th Eszter<\/td>\n<td style=\"width: 406.217px;\">k\u00e9mia, matematika<\/td>\n<\/tr>\n<tr style=\"height: 48px;\">\n<td style=\"width: 314.583px; height: 20px;\">T\u00f3th Judit<\/td>\n<td style=\"width: 406.217px; height: 20px;\">tan\u00edt\u00f3, angol, ember \u00e9s t\u00e1rsadalom m\u0171velts\u00e9gter\u00fclet<\/td>\n<\/tr>\n<tr style=\"height: 24px;\">\n<td style=\"width: 314.583px; height: 24px;\">T\u00f3th Linda T\u00fcnde<\/td>\n<td style=\"width: 406.217px; height: 24px;\">tan\u00edt\u00f3, gy\u00f3gypedag\u00f3gus (logop\u00e9dus)<\/td>\n<\/tr>\n<tr style=\"height: 24px;\">\n<td style=\"width: 314.583px; height: 24px;\">T\u00f3th S\u00e1ndor<\/td>\n<td style=\"width: 406.217px; height: 24px;\">tan\u00edt\u00f3<\/td>\n<\/tr>\n<tr style=\"height: 24px;\">\n<td style=\"width: 314.583px; height: 24px;\">Varg\u00e1n\u00e9 Munk\u00e1csi Linda<\/td>\n<td style=\"width: 406.217px; height: 24px;\">tan\u00edt\u00f3<\/td>\n<\/tr>\n<tr style=\"height: 24px;\">\n<td style=\"width: 314.583px; height: 24px;\">Zsoldi Lajos<\/td>\n<td style=\"width: 406.217px; height: 24px;\">katolikus hitoktat\u00f3, napk\u00f6zis nevel\u0151<\/td>\n<\/tr>\n<\/tbody>\n<\/table>\n<\/div>\n<\/div><\/div>\n<\/div>\n<\/div>\n<\/div>\n<\/div>\n<\/div>\n\n","protected":false},"excerpt":{"rendered":"","protected":false},"author":1,"featured_media":0,"parent":0,"menu_order":0,"comment_status":"closed","ping_status":"closed","template":"","meta":{"footnotes":""},"class_list":["post-16652","page","type-page","status-publish","hentry"],"yoast_head":"<!-- This site is optimized with the Yoast SEO plugin v26.2 - https:\/\/yoast.com\/wordpress\/plugins\/seo\/ -->\n<title>Tan\u00e1raink - Sz\u00e9k\u00e1cs J\u00f3zsef Evang\u00e9likus \u00d3voda, \u00c1ltal\u00e1nos Iskola \u00e9s Gimn\u00e1zium<\/title>\n<meta name=\"robots\" content=\"index, follow, max-snippet:-1, max-image-preview:large, max-video-preview:-1\" \/>\n<link rel=\"canonical\" href=\"https:\/\/szekacs.lutheran.hu\/iskola\/tanaraink\/\" \/>\n<meta property=\"og:locale\" content=\"hu_HU\" \/>\n<meta property=\"og:type\" content=\"article\" \/>\n<meta property=\"og:title\" content=\"Tan\u00e1raink - Sz\u00e9k\u00e1cs J\u00f3zsef Evang\u00e9likus \u00d3voda, \u00c1ltal\u00e1nos Iskola \u00e9s Gimn\u00e1zium\" \/>\n<meta property=\"og:url\" content=\"https:\/\/szekacs.lutheran.hu\/iskola\/tanaraink\/\" \/>\n<meta property=\"og:site_name\" content=\"Sz\u00e9k\u00e1cs J\u00f3zsef Evang\u00e9likus \u00d3voda, \u00c1ltal\u00e1nos Iskola \u00e9s Gimn\u00e1zium\" \/>\n<meta property=\"article:modified_time\" content=\"2025-11-12T09:51:54+00:00\" \/>\n<meta name=\"twitter:card\" content=\"summary_large_image\" \/>\n<meta name=\"twitter:label1\" content=\"Becs\u00fclt olvas\u00e1si id\u0151\" \/>\n\t<meta name=\"twitter:data1\" content=\"3 perc\" \/>\n<script type=\"application\/ld+json\" class=\"yoast-schema-graph\">{\"@context\":\"https:\/\/schema.org\",\"@graph\":[{\"@type\":\"WebPage\",\"@id\":\"https:\/\/szekacs.lutheran.hu\/iskola\/tanaraink\/\",\"url\":\"https:\/\/szekacs.lutheran.hu\/iskola\/tanaraink\/\",\"name\":\"Tan\u00e1raink - Sz\u00e9k\u00e1cs J\u00f3zsef Evang\u00e9likus \u00d3voda, \u00c1ltal\u00e1nos Iskola \u00e9s Gimn\u00e1zium\",\"isPartOf\":{\"@id\":\"https:\/\/szekacs.lutheran.hu\/iskola\/#website\"},\"datePublished\":\"2019-12-01T23:24:38+00:00\",\"dateModified\":\"2025-11-12T09:51:54+00:00\",\"breadcrumb\":{\"@id\":\"https:\/\/szekacs.lutheran.hu\/iskola\/tanaraink\/#breadcrumb\"},\"inLanguage\":\"hu\",\"potentialAction\":[{\"@type\":\"ReadAction\",\"target\":[\"https:\/\/szekacs.lutheran.hu\/iskola\/tanaraink\/\"]}]},{\"@type\":\"BreadcrumbList\",\"@id\":\"https:\/\/szekacs.lutheran.hu\/iskola\/tanaraink\/#breadcrumb\",\"itemListElement\":[{\"@type\":\"ListItem\",\"position\":1,\"name\":\"Home\",\"item\":\"https:\/\/szekacs.lutheran.hu\/iskola\/\"},{\"@type\":\"ListItem\",\"position\":2,\"name\":\"Tan\u00e1raink\"}]},{\"@type\":\"WebSite\",\"@id\":\"https:\/\/szekacs.lutheran.hu\/iskola\/#website\",\"url\":\"https:\/\/szekacs.lutheran.hu\/iskola\/\",\"name\":\"Sz\u00e9k\u00e1cs J\u00f3zsef Evang\u00e9likus \u00d3voda, \u00c1ltal\u00e1nos Iskola \u00e9s Gimn\u00e1zium\",\"description\":\"\",\"potentialAction\":[{\"@type\":\"SearchAction\",\"target\":{\"@type\":\"EntryPoint\",\"urlTemplate\":\"https:\/\/szekacs.lutheran.hu\/iskola\/?s={search_term_string}\"},\"query-input\":{\"@type\":\"PropertyValueSpecification\",\"valueRequired\":true,\"valueName\":\"search_term_string\"}}],\"inLanguage\":\"hu\"}]}<\/script>\n<!-- \/ Yoast SEO plugin. -->","yoast_head_json":{"title":"Tan\u00e1raink - Sz\u00e9k\u00e1cs J\u00f3zsef Evang\u00e9likus \u00d3voda, \u00c1ltal\u00e1nos Iskola \u00e9s Gimn\u00e1zium","robots":{"index":"index","follow":"follow","max-snippet":"max-snippet:-1","max-image-preview":"max-image-preview:large","max-video-preview":"max-video-preview:-1"},"canonical":"https:\/\/szekacs.lutheran.hu\/iskola\/tanaraink\/","og_locale":"hu_HU","og_type":"article","og_title":"Tan\u00e1raink - Sz\u00e9k\u00e1cs J\u00f3zsef Evang\u00e9likus \u00d3voda, \u00c1ltal\u00e1nos Iskola \u00e9s Gimn\u00e1zium","og_url":"https:\/\/szekacs.lutheran.hu\/iskola\/tanaraink\/","og_site_name":"Sz\u00e9k\u00e1cs J\u00f3zsef Evang\u00e9likus \u00d3voda, \u00c1ltal\u00e1nos Iskola \u00e9s Gimn\u00e1zium","article_modified_time":"2025-11-12T09:51:54+00:00","twitter_card":"summary_large_image","twitter_misc":{"Becs\u00fclt olvas\u00e1si id\u0151":"3 perc"},"schema":{"@context":"https:\/\/schema.org","@graph":[{"@type":"WebPage","@id":"https:\/\/szekacs.lutheran.hu\/iskola\/tanaraink\/","url":"https:\/\/szekacs.lutheran.hu\/iskola\/tanaraink\/","name":"Tan\u00e1raink - Sz\u00e9k\u00e1cs J\u00f3zsef Evang\u00e9likus \u00d3voda, \u00c1ltal\u00e1nos Iskola \u00e9s Gimn\u00e1zium","isPartOf":{"@id":"https:\/\/szekacs.lutheran.hu\/iskola\/#website"},"datePublished":"2019-12-01T23:24:38+00:00","dateModified":"2025-11-12T09:51:54+00:00","breadcrumb":{"@id":"https:\/\/szekacs.lutheran.hu\/iskola\/tanaraink\/#breadcrumb"},"inLanguage":"hu","potentialAction":[{"@type":"ReadAction","target":["https:\/\/szekacs.lutheran.hu\/iskola\/tanaraink\/"]}]},{"@type":"BreadcrumbList","@id":"https:\/\/szekacs.lutheran.hu\/iskola\/tanaraink\/#breadcrumb","itemListElement":[{"@type":"ListItem","position":1,"name":"Home","item":"https:\/\/szekacs.lutheran.hu\/iskola\/"},{"@type":"ListItem","position":2,"name":"Tan\u00e1raink"}]},{"@type":"WebSite","@id":"https:\/\/szekacs.lutheran.hu\/iskola\/#website","url":"https:\/\/szekacs.lutheran.hu\/iskola\/","name":"Sz\u00e9k\u00e1cs J\u00f3zsef Evang\u00e9likus \u00d3voda, \u00c1ltal\u00e1nos Iskola \u00e9s Gimn\u00e1zium","description":"","potentialAction":[{"@type":"SearchAction","target":{"@type":"EntryPoint","urlTemplate":"https:\/\/szekacs.lutheran.hu\/iskola\/?s={search_term_string}"},"query-input":{"@type":"PropertyValueSpecification","valueRequired":true,"valueName":"search_term_string"}}],"inLanguage":"hu"}]}},"_links":{"self":[{"href":"https:\/\/szekacs.lutheran.hu\/iskola\/wp-json\/wp\/v2\/pages\/16652","targetHints":{"allow":["GET"]}}],"collection":[{"href":"https:\/\/szekacs.lutheran.hu\/iskola\/wp-json\/wp\/v2\/pages"}],"about":[{"href":"https:\/\/szekacs.lutheran.hu\/iskola\/wp-json\/wp\/v2\/types\/page"}],"author":[{"embeddable":true,"href":"https:\/\/szekacs.lutheran.hu\/iskola\/wp-json\/wp\/v2\/users\/1"}],"replies":[{"embeddable":true,"href":"https:\/\/szekacs.lutheran.hu\/iskola\/wp-json\/wp\/v2\/comments?post=16652"}],"version-history":[{"count":18,"href":"https:\/\/szekacs.lutheran.hu\/iskola\/wp-json\/wp\/v2\/pages\/16652\/revisions"}],"predecessor-version":[{"id":33126,"href":"https:\/\/szekacs.lutheran.hu\/iskola\/wp-json\/wp\/v2\/pages\/16652\/revisions\/33126"}],"wp:attachment":[{"href":"https:\/\/szekacs.lutheran.hu\/iskola\/wp-json\/wp\/v2\/media?parent=16652"}],"curies":[{"name":"wp","href":"https:\/\/api.w.org\/{rel}","templated":true}]}}