{"id":16382,"date":"2019-11-28T09:28:15","date_gmt":"2019-11-28T09:28:15","guid":{"rendered":"https:\/\/szekacs.lutheran.hu\/iskola\/?page_id=16382"},"modified":"2026-03-25T12:08:01","modified_gmt":"2026-03-25T12:08:01","slug":"evangelikus-gimnazium-alapitvany","status":"publish","type":"page","link":"https:\/\/szekacs.lutheran.hu\/iskola\/evangelikus-gimnazium-alapitvany\/","title":{"rendered":"Evang\u00e9likus Gimn\u00e1zium Alap\u00edtv\u00e1ny"},"content":{"rendered":"<div id=\"cmsmasters_row_9f4qscaft\" class=\"cmsmasters_row cmsmasters_color_scheme_default cmsmasters_row_top_default cmsmasters_row_bot_default cmsmasters_row_boxed\">\n<div class=\"cmsmasters_row_outer_parent\">\n<div class=\"cmsmasters_row_outer\">\n<div class=\"cmsmasters_row_inner\">\n<div class=\"cmsmasters_row_margin\">\n<div id=\"cmsmasters_column_9d3n648rho\" class=\"cmsmasters_column one_first\">\n<div class=\"cmsmasters_column_inner\"><div id=\"cmsmasters_heading_w0vv1l24x\" class=\"cmsmasters_heading_wrap cmsmasters_heading_align_left\">\n\t<h1 class=\"cmsmasters_heading\">Evang\u00e9likus Gimn\u00e1zium Alap\u00edtv\u00e1ny<\/h1>\n<\/div><div class=\"cmsmasters_img  cmsmasters_image_l\"><img decoding=\"async\" src=\"https:\/\/szekacs.lutheran.hu\/iskola\/wp-content\/uploads\/2015\/04\/67F3F4728A7E1EE0D41B5F00BF650076E67E200CC98451EF9Epimgpsh_fullsize_distr.png\" alt=\"Picture\" \/><\/div>\n<\/div><\/div>\n<\/div>\n<\/div>\n<\/div>\n<\/div>\n<\/div>\n<div id=\"cmsmasters_row_7bm53vt4ns\" class=\"cmsmasters_row cmsmasters_color_scheme_default cmsmasters_row_top_default cmsmasters_row_bot_default cmsmasters_row_boxed\">\n<div class=\"cmsmasters_row_outer_parent\">\n<div class=\"cmsmasters_row_outer\">\n<div class=\"cmsmasters_row_inner\">\n<div class=\"cmsmasters_row_margin\">\n<div id=\"cmsmasters_column_y6zdr26hiy\" class=\"cmsmasters_column two_third\">\n<div class=\"cmsmasters_column_inner\"><div class=\"cmsmasters_text\">\n<p style=\"text-align: justify;\">Val\u00f3j\u00e1ban ez az iskol\u00e1ban m\u0171k\u00f6d\u0151 &#8222;legid\u0151sebb&#8221; alap\u00edtv\u00e1ny, 1991-ben hozt\u00e1k l\u00e9tre az Orosh\u00e1zi Evang\u00e9likus Gimn\u00e1zium 1951-ben \u00e9retts\u00e9gizett tanul\u00f3i. Ekkor ny\u00edlt lehet\u0151s\u00e9g a T\u00e1ncsics Mih\u00e1ly Gimn\u00e1ziumban evang\u00e9likus gimn\u00e1ziumi tagozat l\u00e9trehoz\u00e1s\u00e1ra, ezt k\u00edv\u00e1nt\u00e1k t\u00e1mogatni a 40 \u00e9ves \u00e9retts\u00e9gi tal\u00e1lkoz\u00f3n megsz\u00fcletett hat\u00e1rozattal. C\u00e9ljuk a gimn\u00e1ziumi nevel\u00e9s, oktat\u00e1s, k\u00e9pess\u00e9gfejleszt\u00e9s, ismeretterjeszt\u00e9s \u00e9s kultur\u00e1lis tev\u00e9kenys\u00e9g t\u00e1mogat\u00e1sa. Az \u00e1llami gimn\u00e1ziumban az 1997\/98-as tan\u00e9vben megsz\u0171nt az egyh\u00e1zi tagozat, de 1998 szeptember\u00e9ben az evang\u00e9likus \u00e1ltal\u00e1nos iskola \u00e9p\u00fclet\u00e9ben megindult a hatoszt\u00e1lyos gimn\u00e1ziumi oktat\u00e1s. Kezdetben ezt, majd 2000 \u00f3ta a n\u00e9gyoszt\u00e1lyos gimn\u00e1ziumban tanul\u00f3kat is ez az (1998-ban k\u00f6zhaszn\u00fa szervezett\u00e9 v\u00e1lt) alap\u00edtv\u00e1ny seg\u00edti. Vagyon\u00e1t els\u0151sorban a gimn\u00e1ziumi oszt\u00e1lyok kir\u00e1ndul\u00e1sainak t\u00e1mogat\u00e1s\u00e1ra haszn\u00e1lja (kar\u00e1csonyi aj\u00e1nd\u00e9kk\u00e9nt minden \u00e9vben valamelyik a budapesti sz\u00ednh\u00e1zba utaznak el), illetve a tan\u00e9v v\u00e9g\u00e9n a legjobb eredm\u00e9nyt el\u00e9r\u0151k \u00e9s a legjobban \u00e9retts\u00e9giz\u0151k \u00f6szt\u00f6nd\u00edj\u00e1t ez az alap\u00edtv\u00e1ny fedezi.<\/p>\n<p><strong>Evang\u00e9likus Gimn\u00e1zium Alap\u00edtv\u00e1ny<\/strong><\/p>\n<p><strong>Sz\u00e9khely:<\/strong> 5900 Orosh\u00e1za, Th\u00e9k E. u. 2.<\/p>\n<p><strong>Ad\u00f3sz\u00e1m: <\/strong><strong>19062310-1-04<\/strong><\/p>\n<p><strong>Banksz\u00e1mlasz\u00e1m:<\/strong> 11733041-23157354<\/p>\n<\/div>\n<\/div><\/div>\n<div id=\"cmsmasters_column_1dxweckapa\" class=\"cmsmasters_column one_third\">\n<div class=\"cmsmasters_column_inner\"><div id=\"cmsmasters_heading_01vda7cv7t\" class=\"cmsmasters_heading_wrap cmsmasters_heading_align_left\">\n\t<h2 class=\"cmsmasters_heading\">Tov\u00e1bbi alap\u00edtv\u00e1nyaink<\/h2>\n<\/div><div class=\"cmsmasters_text\">\n<ul>\n<li><a href=\"https:\/\/szekacs.lutheran.hu\/iskola\/evangelikus-altalanos-iskola-alapitvany\/\">Evang\u00e9likus \u00c1ltal\u00e1nos Iskola Alap\u00edtv\u00e1ny<\/a><\/li>\n<li><a href=\"https:\/\/szekacs.lutheran.hu\/iskola\/evangelikus-gimnazium-alapitvany\/\">Evang\u00e9likus Gimn\u00e1zium Alap\u00edtv\u00e1ny<\/a><\/li>\n<li><a href=\"https:\/\/szekacs.lutheran.hu\/iskola\/ravasz-antal-alapitvany\/\">Ravasz Antal Alap\u00edtv\u00e1ny<\/a><\/li>\n<li><a href=\"https:\/\/szekacs.lutheran.hu\/iskola\/ravasz-erzsebet-helyesirasi-alapitvany\/\">Ravasz Erzs\u00e9bet Helyes\u00edr\u00e1si Alap\u00edtv\u00e1ny<\/a><\/li>\n<li><a href=\"https:\/\/szekacs.lutheran.hu\/iskola\/sola-fide-alapitvany\/\">Sola Fide Alap\u00edtv\u00e1ny<\/a><\/li>\n<\/ul>\n<\/div>\n<\/div><\/div>\n<\/div>\n<\/div>\n<\/div>\n<\/div>\n<\/div>\n<div id=\"cmsmasters_row_7uwwauw6zq\" class=\"cmsmasters_row cmsmasters_color_scheme_default cmsmasters_row_top_default cmsmasters_row_bot_default cmsmasters_row_boxed\">\n<div class=\"cmsmasters_row_outer_parent\">\n<div class=\"cmsmasters_row_outer\">\n<div class=\"cmsmasters_row_inner\">\n<div class=\"cmsmasters_row_margin\">\n<div id=\"cmsmasters_column_tn15wl1exr\" class=\"cmsmasters_column one_first\">\n<div class=\"cmsmasters_column_inner\"><\/div><\/div>\n<\/div>\n<\/div>\n<\/div>\n<\/div>\n<\/div>\n\n","protected":false},"excerpt":{"rendered":"","protected":false},"author":1,"featured_media":0,"parent":0,"menu_order":0,"comment_status":"closed","ping_status":"closed","template":"","meta":{"footnotes":""},"class_list":["post-16382","page","type-page","status-publish","hentry"],"yoast_head":"<!-- This site is optimized with the Yoast SEO plugin v26.2 - https:\/\/yoast.com\/wordpress\/plugins\/seo\/ -->\n<title>Evang\u00e9likus Gimn\u00e1zium Alap\u00edtv\u00e1ny - Sz\u00e9k\u00e1cs J\u00f3zsef Evang\u00e9likus \u00d3voda, \u00c1ltal\u00e1nos Iskola \u00e9s Gimn\u00e1zium<\/title>\n<meta name=\"robots\" content=\"index, follow, max-snippet:-1, max-image-preview:large, max-video-preview:-1\" \/>\n<link rel=\"canonical\" href=\"https:\/\/szekacs.lutheran.hu\/iskola\/evangelikus-gimnazium-alapitvany\/\" \/>\n<meta property=\"og:locale\" content=\"hu_HU\" \/>\n<meta property=\"og:type\" content=\"article\" \/>\n<meta property=\"og:title\" content=\"Evang\u00e9likus Gimn\u00e1zium Alap\u00edtv\u00e1ny - Sz\u00e9k\u00e1cs J\u00f3zsef Evang\u00e9likus \u00d3voda, \u00c1ltal\u00e1nos Iskola \u00e9s Gimn\u00e1zium\" \/>\n<meta property=\"og:url\" content=\"https:\/\/szekacs.lutheran.hu\/iskola\/evangelikus-gimnazium-alapitvany\/\" \/>\n<meta property=\"og:site_name\" content=\"Sz\u00e9k\u00e1cs J\u00f3zsef Evang\u00e9likus \u00d3voda, \u00c1ltal\u00e1nos Iskola \u00e9s Gimn\u00e1zium\" \/>\n<meta property=\"article:modified_time\" content=\"2026-03-25T12:08:01+00:00\" \/>\n<meta name=\"twitter:card\" content=\"summary_large_image\" \/>\n<meta name=\"twitter:label1\" content=\"Becs\u00fclt olvas\u00e1si id\u0151\" \/>\n\t<meta name=\"twitter:data1\" content=\"2 perc\" \/>\n<script type=\"application\/ld+json\" class=\"yoast-schema-graph\">{\"@context\":\"https:\/\/schema.org\",\"@graph\":[{\"@type\":\"WebPage\",\"@id\":\"https:\/\/szekacs.lutheran.hu\/iskola\/evangelikus-gimnazium-alapitvany\/\",\"url\":\"https:\/\/szekacs.lutheran.hu\/iskola\/evangelikus-gimnazium-alapitvany\/\",\"name\":\"Evang\u00e9likus Gimn\u00e1zium Alap\u00edtv\u00e1ny - Sz\u00e9k\u00e1cs J\u00f3zsef Evang\u00e9likus \u00d3voda, \u00c1ltal\u00e1nos Iskola \u00e9s Gimn\u00e1zium\",\"isPartOf\":{\"@id\":\"https:\/\/szekacs.lutheran.hu\/iskola\/#website\"},\"datePublished\":\"2019-11-28T09:28:15+00:00\",\"dateModified\":\"2026-03-25T12:08:01+00:00\",\"breadcrumb\":{\"@id\":\"https:\/\/szekacs.lutheran.hu\/iskola\/evangelikus-gimnazium-alapitvany\/#breadcrumb\"},\"inLanguage\":\"hu\",\"potentialAction\":[{\"@type\":\"ReadAction\",\"target\":[\"https:\/\/szekacs.lutheran.hu\/iskola\/evangelikus-gimnazium-alapitvany\/\"]}]},{\"@type\":\"BreadcrumbList\",\"@id\":\"https:\/\/szekacs.lutheran.hu\/iskola\/evangelikus-gimnazium-alapitvany\/#breadcrumb\",\"itemListElement\":[{\"@type\":\"ListItem\",\"position\":1,\"name\":\"Home\",\"item\":\"https:\/\/szekacs.lutheran.hu\/iskola\/\"},{\"@type\":\"ListItem\",\"position\":2,\"name\":\"Evang\u00e9likus Gimn\u00e1zium Alap\u00edtv\u00e1ny\"}]},{\"@type\":\"WebSite\",\"@id\":\"https:\/\/szekacs.lutheran.hu\/iskola\/#website\",\"url\":\"https:\/\/szekacs.lutheran.hu\/iskola\/\",\"name\":\"Sz\u00e9k\u00e1cs J\u00f3zsef Evang\u00e9likus \u00d3voda, \u00c1ltal\u00e1nos Iskola \u00e9s Gimn\u00e1zium\",\"description\":\"\",\"potentialAction\":[{\"@type\":\"SearchAction\",\"target\":{\"@type\":\"EntryPoint\",\"urlTemplate\":\"https:\/\/szekacs.lutheran.hu\/iskola\/?s={search_term_string}\"},\"query-input\":{\"@type\":\"PropertyValueSpecification\",\"valueRequired\":true,\"valueName\":\"search_term_string\"}}],\"inLanguage\":\"hu\"}]}<\/script>\n<!-- \/ Yoast SEO plugin. -->","yoast_head_json":{"title":"Evang\u00e9likus Gimn\u00e1zium Alap\u00edtv\u00e1ny - Sz\u00e9k\u00e1cs J\u00f3zsef Evang\u00e9likus \u00d3voda, \u00c1ltal\u00e1nos Iskola \u00e9s Gimn\u00e1zium","robots":{"index":"index","follow":"follow","max-snippet":"max-snippet:-1","max-image-preview":"max-image-preview:large","max-video-preview":"max-video-preview:-1"},"canonical":"https:\/\/szekacs.lutheran.hu\/iskola\/evangelikus-gimnazium-alapitvany\/","og_locale":"hu_HU","og_type":"article","og_title":"Evang\u00e9likus Gimn\u00e1zium Alap\u00edtv\u00e1ny - Sz\u00e9k\u00e1cs J\u00f3zsef Evang\u00e9likus \u00d3voda, \u00c1ltal\u00e1nos Iskola \u00e9s Gimn\u00e1zium","og_url":"https:\/\/szekacs.lutheran.hu\/iskola\/evangelikus-gimnazium-alapitvany\/","og_site_name":"Sz\u00e9k\u00e1cs J\u00f3zsef Evang\u00e9likus \u00d3voda, \u00c1ltal\u00e1nos Iskola \u00e9s Gimn\u00e1zium","article_modified_time":"2026-03-25T12:08:01+00:00","twitter_card":"summary_large_image","twitter_misc":{"Becs\u00fclt olvas\u00e1si id\u0151":"2 perc"},"schema":{"@context":"https:\/\/schema.org","@graph":[{"@type":"WebPage","@id":"https:\/\/szekacs.lutheran.hu\/iskola\/evangelikus-gimnazium-alapitvany\/","url":"https:\/\/szekacs.lutheran.hu\/iskola\/evangelikus-gimnazium-alapitvany\/","name":"Evang\u00e9likus Gimn\u00e1zium Alap\u00edtv\u00e1ny - Sz\u00e9k\u00e1cs J\u00f3zsef Evang\u00e9likus \u00d3voda, \u00c1ltal\u00e1nos Iskola \u00e9s Gimn\u00e1zium","isPartOf":{"@id":"https:\/\/szekacs.lutheran.hu\/iskola\/#website"},"datePublished":"2019-11-28T09:28:15+00:00","dateModified":"2026-03-25T12:08:01+00:00","breadcrumb":{"@id":"https:\/\/szekacs.lutheran.hu\/iskola\/evangelikus-gimnazium-alapitvany\/#breadcrumb"},"inLanguage":"hu","potentialAction":[{"@type":"ReadAction","target":["https:\/\/szekacs.lutheran.hu\/iskola\/evangelikus-gimnazium-alapitvany\/"]}]},{"@type":"BreadcrumbList","@id":"https:\/\/szekacs.lutheran.hu\/iskola\/evangelikus-gimnazium-alapitvany\/#breadcrumb","itemListElement":[{"@type":"ListItem","position":1,"name":"Home","item":"https:\/\/szekacs.lutheran.hu\/iskola\/"},{"@type":"ListItem","position":2,"name":"Evang\u00e9likus Gimn\u00e1zium Alap\u00edtv\u00e1ny"}]},{"@type":"WebSite","@id":"https:\/\/szekacs.lutheran.hu\/iskola\/#website","url":"https:\/\/szekacs.lutheran.hu\/iskola\/","name":"Sz\u00e9k\u00e1cs J\u00f3zsef Evang\u00e9likus \u00d3voda, \u00c1ltal\u00e1nos Iskola \u00e9s Gimn\u00e1zium","description":"","potentialAction":[{"@type":"SearchAction","target":{"@type":"EntryPoint","urlTemplate":"https:\/\/szekacs.lutheran.hu\/iskola\/?s={search_term_string}"},"query-input":{"@type":"PropertyValueSpecification","valueRequired":true,"valueName":"search_term_string"}}],"inLanguage":"hu"}]}},"_links":{"self":[{"href":"https:\/\/szekacs.lutheran.hu\/iskola\/wp-json\/wp\/v2\/pages\/16382","targetHints":{"allow":["GET"]}}],"collection":[{"href":"https:\/\/szekacs.lutheran.hu\/iskola\/wp-json\/wp\/v2\/pages"}],"about":[{"href":"https:\/\/szekacs.lutheran.hu\/iskola\/wp-json\/wp\/v2\/types\/page"}],"author":[{"embeddable":true,"href":"https:\/\/szekacs.lutheran.hu\/iskola\/wp-json\/wp\/v2\/users\/1"}],"replies":[{"embeddable":true,"href":"https:\/\/szekacs.lutheran.hu\/iskola\/wp-json\/wp\/v2\/comments?post=16382"}],"version-history":[{"count":12,"href":"https:\/\/szekacs.lutheran.hu\/iskola\/wp-json\/wp\/v2\/pages\/16382\/revisions"}],"predecessor-version":[{"id":33767,"href":"https:\/\/szekacs.lutheran.hu\/iskola\/wp-json\/wp\/v2\/pages\/16382\/revisions\/33767"}],"wp:attachment":[{"href":"https:\/\/szekacs.lutheran.hu\/iskola\/wp-json\/wp\/v2\/media?parent=16382"}],"curies":[{"name":"wp","href":"https:\/\/api.w.org\/{rel}","templated":true}]}}