{"id":16349,"date":"2019-11-28T07:57:16","date_gmt":"2019-11-28T07:57:16","guid":{"rendered":"https:\/\/szekacs.lutheran.hu\/iskola\/?page_id=16349"},"modified":"2019-12-02T18:27:23","modified_gmt":"2019-12-02T18:27:23","slug":"languagecert-nyelvvizsga","status":"publish","type":"page","link":"https:\/\/szekacs.lutheran.hu\/iskola\/languagecert-nyelvvizsga\/","title":{"rendered":"LanguageCert nyelvvizsga"},"content":{"rendered":"<div id=\"cmsmasters_row_z29zotrw2\" class=\"cmsmasters_row cmsmasters_color_scheme_default cmsmasters_row_top_default cmsmasters_row_bot_default cmsmasters_row_boxed\">\n<div class=\"cmsmasters_row_outer_parent\">\n<div class=\"cmsmasters_row_outer\">\n<div class=\"cmsmasters_row_inner\">\n<div class=\"cmsmasters_row_margin\">\n<div id=\"cmsmasters_column_ficg6etmmj\" class=\"cmsmasters_column one_first\">\n<div class=\"cmsmasters_column_inner\"><div id=\"cmsmasters_heading_2k0yhc1bnq\" class=\"cmsmasters_heading_wrap cmsmasters_heading_align_left\">\n\t<h1 class=\"cmsmasters_heading\"> LanguageCert \u00e1llamilag elismert nemzetk\u00f6zi angol nyelvvizsga<\/h1>\n<\/div><div class=\"cmsmasters_img  cmsmasters_image_l\"><img decoding=\"async\" src=\"https:\/\/szekacs.lutheran.hu\/iskola\/wp-content\/uploads\/2015\/04\/67F3F4728A7E1EE0D41B5F00BF650076E67E200CC98451EF9Epimgpsh_fullsize_distr.png\" alt=\"Picture\" \/><\/div><div class=\"cmsmasters_img  cmsmasters_image_r\"><img decoding=\"async\" src=\"https:\/\/szekacs.lutheran.hu\/iskola\/wp-content\/uploads\/2019\/11\/LanguageCert_logo-300x176.jpg\" \/><\/div><div class=\"cmsmasters_text\">\n<p>&nbsp;<\/p>\n<p>&nbsp;<\/p>\n<p>A LanguageCert vizsg\u00e1k a City &amp; Guilds angol nyelvvizsg\u00e1k ut\u00f3djai, miut\u00e1n a Peoplecert Qualifications nev\u0171 angol c\u00e9g megv\u00e1s\u00e1rolta a City &amp; Guilds vizsg\u00e1k szellemi tulajdonjog\u00e1t \u00e9s gondoskodik a vizsg\u00e1k nemzetk\u00f6zi folytonoss\u00e1g\u00e1r\u00f3l.<\/p>\n<p>A LanguageCert Nemzetk\u00f6zi Angol Nyelvvizsg\u00e1k Nagy-Britannia egyik \u00e1llami referenciakereten megtal\u00e1lhat\u00f3 angol nyelvvizsgarendszere, amelyet Eur\u00f3pa t\u00f6bb orsz\u00e1g\u00e1ban is elfogadnak.<\/p>\n<p>A Peoplecert egy vizsgafejleszt\u00e9ssel \u00e9s vizsgaszervez\u00e9ssel foglalkoz\u00f3 glob\u00e1lis szervezet, amely az elm\u00falt k\u00f6zel 20 \u00e9vben inform\u00e1ci\u00f3s technol\u00f3giai \u00e9s menedzsment vizsg\u00e1k fejleszt\u00e9s\u00e9vel, illetve online vizsg\u00e1ztat\u00e1si platformok kidolgoz\u00e1s\u00e1val \u00e9s m\u0171k\u00f6dtet\u00e9s\u00e9vel alapozta meg h\u00edrnev\u00e9t a vil\u00e1g t\u00f6bb, mint 150 orsz\u00e1g\u00e1ban.<\/p>\n<p>A K\u00f6z\u00f6s Eur\u00f3pai Referenciakeret 6 szintj\u00e9re kidolgozott vizsga sz\u00e1mos el\u0151nyt ny\u00fajt felv\u00e9telihez, diplom\u00e1hoz, hazai \u00e9s k\u00fclf\u00f6ldi tanulm\u00e1nyokhoz, munkav\u00e1llal\u00e1shoz. Fel\u00e9p\u00edt\u00e9s\u00e9ben az egyszer\u0171s\u00e9gre t\u00f6rekszik, \u00e9s az \u00e1ltal\u00e1nos, kommunikat\u00edv angol nyelvtud\u00e1st m\u00e9ri h\u00e9tk\u00f6znapi, \u00e9letszer\u0171 feladatokkal.<\/p>\n<p>A vizsga alatt egynyelv\u0171 sz\u00f3t\u00e1r haszn\u00e1lata megengedett. A LanguageCert vizsgak\u00f6zpont korszer\u0171 oktat\u00e1si seg\u00e9danyagokkal, let\u00f6lthet\u0151 mintafeladatokkal, \u00e9rt\u00e9kelt mintavizsg\u00e1kkal \u00e9s felk\u00e9sz\u00edt\u0151 feladatokkal seg\u00edti a vizsg\u00e1ra val\u00f3 felk\u00e9sz\u00fcl\u00e9st.<\/p>\n<p>A vizsga olvas\u00e1sk\u00e9szs\u00e9g. \u00edr\u00e1sk\u00e9szs\u00e9g, besz\u00e9dk\u00e9szs\u00e9g \u00e9s besz\u00e9d\u00e9rt\u00e9s r\u00e9szekb\u0151l \u00e1ll. A nyelvvizsg\u00e1t csak akkredit\u00e1lt vizsgahelyeken lehet letenni, komplexen is, illetve k\u00fcl\u00f6n \u00edr\u00e1sbeli vagy sz\u00f3beli r\u00e9szvizsga form\u00e1j\u00e1ban. A vizsg\u00e1z\u00f3k a nemzetk\u00f6zi bizony\u00edtv\u00e1ny mellett \u00e1llamilag elismert nyelvvizsga bizony\u00edtv\u00e1nyt kapnak a sikeresen letett \u00edr\u00e1sbeli \u00e9s sz\u00f3beli r\u00e9szvizsg\u00e1k\u00e9rt is.<\/p>\n<p><strong>A nyelvvizsga el\u0151nyei<\/strong><\/p>\n<p><strong>\u00a0<\/strong><\/p>\n<p>&#8211;\u00a0\u00a0\u00a0\u00a0\u00a0\u00a0 nemzetk\u00f6zileg is elismert egynyelv\u0171 nyelvvizsga<\/p>\n<p>&#8211;\u00a0\u00a0\u00a0\u00a0\u00a0\u00a0 a gyakorlati, kommunikat\u00edv nyelvtud\u00e1sra helyezi a hangs\u00falyt<\/p>\n<p>&#8211;\u00a0\u00a0\u00a0\u00a0\u00a0\u00a0 a feladatok h\u00e9tk\u00f6znapiak, \u00e9letszer\u0171ek<\/p>\n<p>&#8211;\u00a0\u00a0\u00a0\u00a0\u00a0\u00a0 a vizsga alatt egynyelv\u0171 sz\u00f3t\u00e1r haszn\u00e1lata megengedett<\/p>\n<p>&#8211;\u00a0\u00a0\u00a0\u00a0\u00a0\u00a0 a sz\u00f3beli vizsg\u00e1n tan\u00e1r-di\u00e1k p\u00e1rbesz\u00e9de zajlanak, nincs helyben v\u00e9gzett \u00e9rt\u00e9kel\u00e9s<\/p>\n<p><strong>\u00a0<\/strong><\/p>\n<p><strong>\u00a0<\/strong><\/p>\n<p><strong>A nyelvvizsga fel\u00e9p\u00edt\u00e9se<\/strong><\/p>\n<p><strong>\u00a0<\/strong><\/p>\n<p>A LanguageCert Vizsgak\u00f6zpont egynyelv\u0171 \u00edr\u00e1sbeli, sz\u00f3beli vagy komplex angol nyelvvizsg\u00e1kat k\u00edn\u00e1l Magyarorsz\u00e1gon.<\/p>\n<p>&nbsp;<\/p>\n<p><strong>\u00edr\u00e1sbeli r\u00e9szvizsga:<\/strong><\/p>\n<p><strong>\u00a0\u00a0\u00a0\u00a0\u00a0\u00a0\u00a0\u00a0\u00a0\u00a0\u00a0\u00a0\u00a0\u00a0\u00a0\u00a0\u00a0\u00a0\u00a0\u00a0\u00a0\u00a0\u00a0\u00a0\u00a0\u00a0\u00a0\u00a0\u00a0\u00a0\u00a0\u00a0\u00a0\u00a0\u00a0\u00a0\u00a0\u00a0\u00a0\u00a0\u00a0\u00a0\u00a0\u00a0\u00a0\u00a0 \u00a0<\/strong><\/p>\n<p>1. olvas\u00e1sk\u00e9szs\u00e9g<\/p>\n<p>2. \u00edr\u00e1sk\u00e9szs\u00e9g<\/p>\n<p>&nbsp;<\/p>\n<p><strong>sz\u00f3beli r\u00e9szvizsga<\/strong><\/p>\n<p><strong>\u00a0<\/strong><\/p>\n<p>1. besz\u00e9dk\u00e9szs\u00e9g<\/p>\n<p>2. besz\u00e9d\u00e9rt\u00e9s<\/p>\n<p>&nbsp;<\/p>\n<p><strong>komplex vizsga<\/strong><\/p>\n<p>\u00edr\u00e1sbeli r\u00e9szvizsga + sz\u00f3beli r\u00e9szvizsga<\/p>\n<p><strong>\u00a0<\/strong><\/p>\n<p><strong>\u00a0<\/strong><\/p>\n<p><strong>Jelentkez\u00e9s, \u00e1rak, vizsgaid\u0151pontok, jelentkez\u00e9si hat\u00e1rid\u0151k<\/strong><\/p>\n<p>&nbsp;<\/p>\n<p><a href=\"http:\/\/languagecert.hu\/informacio_vizsga\">http:\/\/languagecert.hu\/informacio_vizsga<\/a><\/p>\n<p>&nbsp;<\/p>\n<p>Felh\u00edvjuk sz\u00edves figyelmeteket, hogy a sz\u00f3beli vizsg\u00e1k id\u0151pontja az aktu\u00e1lis vizsgabeoszt\u00e1s f\u00fcggv\u00e9ny\u00e9ben a fent megadott d\u00e1tumok k\u00f6z\u00fcl b\u00e1rmelyiken lehets\u00e9ges.<\/p>\n<p>A vizsgabeoszt\u00e1st a vizsgak\u00f6zpont, illetve a vizsgahely hat\u00e1rozza meg.<\/p>\n<p>&nbsp;<\/p>\n<p>&nbsp;<\/p>\n<p><strong>Vizsgaszab\u00e1lyzat<\/strong><\/p>\n<p><strong>\u00a0<\/strong><\/p>\n<p>A jelentkez\u00e9s \u00e9s a vizsg\u00e1n val\u00f3 r\u00e9szv\u00e9tel felt\u00e9tele a Vizsgaszab\u00e1lyzatban foglaltak elfogad\u00e1sa \u00e9s tudom\u00e1sulv\u00e9tele.<\/p>\n<p>A Vizsgaszab\u00e1lyzat el\u00e9rhet\u0151 a k\u00f6vetkez\u0151 linken: \u00a0<a href=\"http:\/\/www.languagecert.hu\/vizsgaszabalyzat\">http:\/\/www.languagecert.hu\/vizsgaszabalyzat<\/a><\/p>\n<p><strong>\u00a0<\/strong><\/p>\n<p><strong>\u00a0<\/strong><\/p>\n<p><strong>Nyelvvizsga \u00e9rt\u00e9kel\u00e9se<\/strong><\/p>\n<p>&nbsp;<\/p>\n<p>A komplex vizsga v\u00e9geredm\u00e9nye az \u00edr\u00e1sbeli \u00e9s a sz\u00f3beli vizsgar\u00e9szek eredm\u00e9ny\u00e9b\u0151l tev\u0151dik \u00f6ssze: amennyiben mindk\u00e9t vizsgar\u00e9szen legal\u00e1bb PASS eredm\u00e9nyt \u00e9r el a vizsg\u00e1z\u00f3, \u00fagy LanguageCert komplex nyelvvizsg\u00e1ja sikeres lesz.<\/p>\n<p>&nbsp;<\/p>\n<p>Sikeres \u00edr\u00e1sbeli r\u00e9szvizsg\u00e1hoz az\u00a0<em>olvas\u00e1sk\u00e9szs\u00e9g<\/em>\u00a0<em>(Reading)<\/em>\u00a0\u00e9s\u00a0<em>\u00edr\u00e1sk\u00e9szs\u00e9g<\/em><em>\u00a0(Writing)<\/em>\u00a0m\u00e9r\u00e9s\u00e9n\u00e9l \u00a0legal\u00e1bb PASS eredm\u00e9nyt kell el\u00e9rni\u00fck a vizsg\u00e1z\u00f3knak.<\/p>\n<p>&nbsp;<\/p>\n<p>Sikeres sz\u00f3beli r\u00e9szvizsg\u00e1hoz a\u00a0<em>besz\u00e9d\u00e9rt\u00e9s (Listening)<\/em>\u00a0\u00e9s a\u00a0<em>besz\u00e9dk\u00e9szs\u00e9g<\/em>\u00a0(Speaking) m\u00e9r\u00e9s\u00e9n\u00e9l kell minimum PASS eredm\u00e9nnyel teljes\u00edteni\u00fck a vizsg\u00e1z\u00f3knak.<\/p>\n<p>&nbsp;<\/p>\n<p>Az \u00e9rt\u00e9kel\u00e9sr\u0151l r\u00e9szletesebb inform\u00e1ci\u00f3 a vizsgak\u00f6zpont honlapj\u00e1n tal\u00e1lhat\u00f3:<\/p>\n<p><a href=\"http:\/\/www.languagecert.hu\/ertekeles\">http:\/\/www.languagecert.hu\/ertekeles<\/a><\/p>\n<p>&nbsp;<\/p>\n<p><strong>\u00a0<\/strong><\/p>\n<p><strong>Eredm\u00e9nyek k\u00f6zl\u00e9se<\/strong><\/p>\n<p>&nbsp;<\/p>\n<p>A vizsgak\u00f6zpont felt\u00f6lti az eredm\u00e9nyeket az elektronikus adatb\u00e1zisba, amint a v\u00e9gleges eredm\u00e9nyek rendelkez\u00e9sre \u00e1llnak. Ez nem lehet k\u00e9s\u0151bb, mint az els\u0151 vizsgaalkalomt\u00f3l sz\u00e1m\u00edtott 30 nap. A vizsgahelyek feladata, hogy a vizsg\u00e1z\u00f3kat az eredm\u00e9nyekr\u0151l \u00e9rtes\u00edts\u00e9k az el\u0151re megbesz\u00e9lt m\u00f3don.<\/p>\n<p>Vizsgak\u00f6zpontunk szem\u00e9lyesen is felvil\u00e1gos\u00edt\u00e1st ad az eredm\u00e9nyekr\u0151l, amennyiben a vizsg\u00e1z\u00f3 igazolni tudja szem\u00e9lyazonoss\u00e1g\u00e1t.<\/p>\n<p>&nbsp;<\/p>\n<p><strong>\u00a0<\/strong><\/p>\n<p><strong>Felk\u00e9sz\u00edt\u00e9st seg\u00edt\u0151 anyagok<\/strong><\/p>\n<p>&nbsp;<\/p>\n<p>Tov\u00e1bbi r\u00e9szletes le\u00edr\u00e1s a vizsg\u00e1r\u00f3l, gyakorl\u00f3 feladatsorok, mintamegold\u00e1sok \u00e9s sz\u00f3beli mintaanyagok a\u00a0<a href=\"http:\/\/www.languagecert.hu\/\">www.languagecert.hu<\/a>\u00a0weboldalon tal\u00e1lhat\u00f3k.<\/p>\n<p>&nbsp;<\/p>\n<p><strong>\u00a0<\/strong><\/p>\n<p><strong>A Vizsgak\u00f6zpont el\u00e9rhet\u0151s\u00e9ge<\/strong><\/p>\n<p><strong>\u00a0<\/strong><\/p>\n<p>A LanguageCert vizsgak\u00f6zpont munkat\u00e1rsai sz\u00edvesen \u00e1llnak az \u00f6n\u00f6k rendelkez\u00e9s\u00e9re a k\u00f6vetkez\u0151 el\u00e9rhet\u0151s\u00e9geken:<\/p>\n<p>&nbsp;<\/p>\n<p><strong>\u00a0<\/strong><\/p>\n<p><strong>LanguageCert Nemzetk\u00f6zi Angol Nyelvvizsgak\u00f6zpont<\/strong><\/p>\n<p>1095 Budapest, Soroks\u00e1ri \u00fat. 48.<\/p>\n<p>T + 36 1 612 0308<\/p>\n<p>E\u00a0<a href=\"mailto:info@languagecert.hu\">info@languagecert.hu<\/a><\/p>\n<p>&nbsp;<\/p>\n<p><strong>Fel\u00fcgyeleti szerv: Oktat\u00e1si Hivatal Nyelvvizsg\u00e1ztat\u00e1si Akkredit\u00e1ci\u00f3s K\u00f6zpont\u00a0\u00a0\u00a0\u00a0<a href=\"http:\/\/www.nyak.hu\/\">www.nyak.hu<\/a><\/strong><\/p>\n<p>&nbsp;<\/p>\n<p>&nbsp;<\/p>\n<p>Dokumentumok:<\/p>\n<p>&#8211;\u00a0<a href=\"https:\/\/szekacs.lutheran.hu\/iskola\/documents\/partnerek\/language-cert\/language-cert-megallapodas.pdf\">Language Cert meg\u00e1llapod\u00e1s.pdf<\/a><\/p>\n<p>&#8211;\u00a0<a href=\"https:\/\/szekacs.lutheran.hu\/iskola\/documents\/partnerek\/language-cert\/language-cert_partnerintezmeny_logo_v2.jpg\">LanguageCert partnerint\u00e9zm\u00e9ny logo.jpg<\/a><\/p>\n<p>&#8211;\u00a0<a href=\"https:\/\/szekacs.lutheran.hu\/iskola\/documents\/partnerek\/language-cert\/a-languagecert-nyelvvizsgarol.doc\">A LanguageCert nyelvvizsg\u00e1r\u00f3l.doc<\/a><\/p>\n<\/div>\n<\/div><\/div>\n<div id=\"cmsmasters_column_tlu14lhh5q\" class=\"cmsmasters_column one_first\">\n<div class=\"cmsmasters_column_inner\"><\/div><\/div>\n<\/div>\n<\/div>\n<\/div>\n<\/div>\n<\/div>\n\n","protected":false},"excerpt":{"rendered":"","protected":false},"author":1,"featured_media":0,"parent":0,"menu_order":0,"comment_status":"closed","ping_status":"closed","template":"","meta":{"footnotes":""},"class_list":["post-16349","page","type-page","status-publish","hentry"],"yoast_head":"<!-- This site is optimized with the Yoast SEO plugin v26.2 - https:\/\/yoast.com\/wordpress\/plugins\/seo\/ -->\n<title>LanguageCert nyelvvizsga - Sz\u00e9k\u00e1cs J\u00f3zsef Evang\u00e9likus \u00d3voda, \u00c1ltal\u00e1nos Iskola \u00e9s Gimn\u00e1zium<\/title>\n<meta name=\"robots\" content=\"index, follow, max-snippet:-1, max-image-preview:large, max-video-preview:-1\" \/>\n<link rel=\"canonical\" href=\"https:\/\/szekacs.lutheran.hu\/iskola\/languagecert-nyelvvizsga\/\" \/>\n<meta property=\"og:locale\" content=\"hu_HU\" \/>\n<meta property=\"og:type\" content=\"article\" \/>\n<meta property=\"og:title\" content=\"LanguageCert nyelvvizsga - Sz\u00e9k\u00e1cs J\u00f3zsef Evang\u00e9likus \u00d3voda, \u00c1ltal\u00e1nos Iskola \u00e9s Gimn\u00e1zium\" \/>\n<meta property=\"og:url\" content=\"https:\/\/szekacs.lutheran.hu\/iskola\/languagecert-nyelvvizsga\/\" \/>\n<meta property=\"og:site_name\" content=\"Sz\u00e9k\u00e1cs J\u00f3zsef Evang\u00e9likus \u00d3voda, \u00c1ltal\u00e1nos Iskola \u00e9s Gimn\u00e1zium\" \/>\n<meta property=\"article:modified_time\" content=\"2019-12-02T18:27:23+00:00\" \/>\n<meta name=\"twitter:card\" content=\"summary_large_image\" \/>\n<meta name=\"twitter:label1\" content=\"Becs\u00fclt olvas\u00e1si id\u0151\" \/>\n\t<meta name=\"twitter:data1\" content=\"6 perc\" \/>\n<script type=\"application\/ld+json\" class=\"yoast-schema-graph\">{\"@context\":\"https:\/\/schema.org\",\"@graph\":[{\"@type\":\"WebPage\",\"@id\":\"https:\/\/szekacs.lutheran.hu\/iskola\/languagecert-nyelvvizsga\/\",\"url\":\"https:\/\/szekacs.lutheran.hu\/iskola\/languagecert-nyelvvizsga\/\",\"name\":\"LanguageCert nyelvvizsga - Sz\u00e9k\u00e1cs J\u00f3zsef Evang\u00e9likus \u00d3voda, \u00c1ltal\u00e1nos Iskola \u00e9s Gimn\u00e1zium\",\"isPartOf\":{\"@id\":\"https:\/\/szekacs.lutheran.hu\/iskola\/#website\"},\"datePublished\":\"2019-11-28T07:57:16+00:00\",\"dateModified\":\"2019-12-02T18:27:23+00:00\",\"breadcrumb\":{\"@id\":\"https:\/\/szekacs.lutheran.hu\/iskola\/languagecert-nyelvvizsga\/#breadcrumb\"},\"inLanguage\":\"hu\",\"potentialAction\":[{\"@type\":\"ReadAction\",\"target\":[\"https:\/\/szekacs.lutheran.hu\/iskola\/languagecert-nyelvvizsga\/\"]}]},{\"@type\":\"BreadcrumbList\",\"@id\":\"https:\/\/szekacs.lutheran.hu\/iskola\/languagecert-nyelvvizsga\/#breadcrumb\",\"itemListElement\":[{\"@type\":\"ListItem\",\"position\":1,\"name\":\"Home\",\"item\":\"https:\/\/szekacs.lutheran.hu\/iskola\/\"},{\"@type\":\"ListItem\",\"position\":2,\"name\":\"LanguageCert nyelvvizsga\"}]},{\"@type\":\"WebSite\",\"@id\":\"https:\/\/szekacs.lutheran.hu\/iskola\/#website\",\"url\":\"https:\/\/szekacs.lutheran.hu\/iskola\/\",\"name\":\"Sz\u00e9k\u00e1cs J\u00f3zsef Evang\u00e9likus \u00d3voda, \u00c1ltal\u00e1nos Iskola \u00e9s Gimn\u00e1zium\",\"description\":\"\",\"potentialAction\":[{\"@type\":\"SearchAction\",\"target\":{\"@type\":\"EntryPoint\",\"urlTemplate\":\"https:\/\/szekacs.lutheran.hu\/iskola\/?s={search_term_string}\"},\"query-input\":{\"@type\":\"PropertyValueSpecification\",\"valueRequired\":true,\"valueName\":\"search_term_string\"}}],\"inLanguage\":\"hu\"}]}<\/script>\n<!-- \/ Yoast SEO plugin. -->","yoast_head_json":{"title":"LanguageCert nyelvvizsga - Sz\u00e9k\u00e1cs J\u00f3zsef Evang\u00e9likus \u00d3voda, \u00c1ltal\u00e1nos Iskola \u00e9s Gimn\u00e1zium","robots":{"index":"index","follow":"follow","max-snippet":"max-snippet:-1","max-image-preview":"max-image-preview:large","max-video-preview":"max-video-preview:-1"},"canonical":"https:\/\/szekacs.lutheran.hu\/iskola\/languagecert-nyelvvizsga\/","og_locale":"hu_HU","og_type":"article","og_title":"LanguageCert nyelvvizsga - Sz\u00e9k\u00e1cs J\u00f3zsef Evang\u00e9likus \u00d3voda, \u00c1ltal\u00e1nos Iskola \u00e9s Gimn\u00e1zium","og_url":"https:\/\/szekacs.lutheran.hu\/iskola\/languagecert-nyelvvizsga\/","og_site_name":"Sz\u00e9k\u00e1cs J\u00f3zsef Evang\u00e9likus \u00d3voda, \u00c1ltal\u00e1nos Iskola \u00e9s Gimn\u00e1zium","article_modified_time":"2019-12-02T18:27:23+00:00","twitter_card":"summary_large_image","twitter_misc":{"Becs\u00fclt olvas\u00e1si id\u0151":"6 perc"},"schema":{"@context":"https:\/\/schema.org","@graph":[{"@type":"WebPage","@id":"https:\/\/szekacs.lutheran.hu\/iskola\/languagecert-nyelvvizsga\/","url":"https:\/\/szekacs.lutheran.hu\/iskola\/languagecert-nyelvvizsga\/","name":"LanguageCert nyelvvizsga - Sz\u00e9k\u00e1cs J\u00f3zsef Evang\u00e9likus \u00d3voda, \u00c1ltal\u00e1nos Iskola \u00e9s Gimn\u00e1zium","isPartOf":{"@id":"https:\/\/szekacs.lutheran.hu\/iskola\/#website"},"datePublished":"2019-11-28T07:57:16+00:00","dateModified":"2019-12-02T18:27:23+00:00","breadcrumb":{"@id":"https:\/\/szekacs.lutheran.hu\/iskola\/languagecert-nyelvvizsga\/#breadcrumb"},"inLanguage":"hu","potentialAction":[{"@type":"ReadAction","target":["https:\/\/szekacs.lutheran.hu\/iskola\/languagecert-nyelvvizsga\/"]}]},{"@type":"BreadcrumbList","@id":"https:\/\/szekacs.lutheran.hu\/iskola\/languagecert-nyelvvizsga\/#breadcrumb","itemListElement":[{"@type":"ListItem","position":1,"name":"Home","item":"https:\/\/szekacs.lutheran.hu\/iskola\/"},{"@type":"ListItem","position":2,"name":"LanguageCert nyelvvizsga"}]},{"@type":"WebSite","@id":"https:\/\/szekacs.lutheran.hu\/iskola\/#website","url":"https:\/\/szekacs.lutheran.hu\/iskola\/","name":"Sz\u00e9k\u00e1cs J\u00f3zsef Evang\u00e9likus \u00d3voda, \u00c1ltal\u00e1nos Iskola \u00e9s Gimn\u00e1zium","description":"","potentialAction":[{"@type":"SearchAction","target":{"@type":"EntryPoint","urlTemplate":"https:\/\/szekacs.lutheran.hu\/iskola\/?s={search_term_string}"},"query-input":{"@type":"PropertyValueSpecification","valueRequired":true,"valueName":"search_term_string"}}],"inLanguage":"hu"}]}},"_links":{"self":[{"href":"https:\/\/szekacs.lutheran.hu\/iskola\/wp-json\/wp\/v2\/pages\/16349","targetHints":{"allow":["GET"]}}],"collection":[{"href":"https:\/\/szekacs.lutheran.hu\/iskola\/wp-json\/wp\/v2\/pages"}],"about":[{"href":"https:\/\/szekacs.lutheran.hu\/iskola\/wp-json\/wp\/v2\/types\/page"}],"author":[{"embeddable":true,"href":"https:\/\/szekacs.lutheran.hu\/iskola\/wp-json\/wp\/v2\/users\/1"}],"replies":[{"embeddable":true,"href":"https:\/\/szekacs.lutheran.hu\/iskola\/wp-json\/wp\/v2\/comments?post=16349"}],"version-history":[{"count":15,"href":"https:\/\/szekacs.lutheran.hu\/iskola\/wp-json\/wp\/v2\/pages\/16349\/revisions"}],"predecessor-version":[{"id":16696,"href":"https:\/\/szekacs.lutheran.hu\/iskola\/wp-json\/wp\/v2\/pages\/16349\/revisions\/16696"}],"wp:attachment":[{"href":"https:\/\/szekacs.lutheran.hu\/iskola\/wp-json\/wp\/v2\/media?parent=16349"}],"curies":[{"name":"wp","href":"https:\/\/api.w.org\/{rel}","templated":true}]}}