{"id":24957,"date":"2021-11-19T14:24:12","date_gmt":"2021-11-19T14:24:12","guid":{"rendered":"https:\/\/szekacs.lutheran.hu\/iskola\/?post_type=envira&#038;p=24957"},"modified":"2022-02-09T13:57:21","modified_gmt":"2022-02-09T13:57:21","slug":"2021-11-19-nyilt-nap-a-gimnaziumban","status":"publish","type":"envira","link":"https:\/\/szekacs.lutheran.hu\/iskola\/galeriak\/2021-11-19-nyilt-nap-a-gimnaziumban\/","title":{"rendered":"2021-11-19 Ny\u00edlt nap a gimn\u00e1ziumban"},"author":1,"featured_media":0,"template":"","class_list":["post-24957","envira","type-envira","status-publish","hentry"],"yoast_head":"<!-- This site is optimized with the Yoast SEO plugin v26.2 - https:\/\/yoast.com\/wordpress\/plugins\/seo\/ -->\n<title>2021-11-19 Ny\u00edlt nap a gimn\u00e1ziumban - Sz\u00e9k\u00e1cs J\u00f3zsef Evang\u00e9likus \u00d3voda, \u00c1ltal\u00e1nos Iskola \u00e9s Gimn\u00e1zium<\/title>\n<meta name=\"robots\" content=\"index, follow, max-snippet:-1, max-image-preview:large, max-video-preview:-1\" \/>\n<link rel=\"canonical\" href=\"https:\/\/szekacs.lutheran.hu\/iskola\/galeriak\/2021-11-19-nyilt-nap-a-gimnaziumban\/\" \/>\n<meta property=\"og:locale\" content=\"hu_HU\" \/>\n<meta property=\"og:type\" content=\"article\" \/>\n<meta property=\"og:title\" content=\"2021-11-19 Ny\u00edlt nap a gimn\u00e1ziumban - Sz\u00e9k\u00e1cs J\u00f3zsef Evang\u00e9likus \u00d3voda, \u00c1ltal\u00e1nos Iskola \u00e9s Gimn\u00e1zium\" \/>\n<meta property=\"og:url\" content=\"https:\/\/szekacs.lutheran.hu\/iskola\/galeriak\/2021-11-19-nyilt-nap-a-gimnaziumban\/\" \/>\n<meta property=\"og:site_name\" content=\"Sz\u00e9k\u00e1cs J\u00f3zsef Evang\u00e9likus \u00d3voda, \u00c1ltal\u00e1nos Iskola \u00e9s Gimn\u00e1zium\" \/>\n<meta property=\"article:modified_time\" content=\"2022-02-09T13:57:21+00:00\" \/>\n<meta name=\"twitter:card\" content=\"summary_large_image\" \/>\n<script type=\"application\/ld+json\" class=\"yoast-schema-graph\">{\"@context\":\"https:\/\/schema.org\",\"@graph\":[{\"@type\":\"WebPage\",\"@id\":\"https:\/\/szekacs.lutheran.hu\/iskola\/galeriak\/2021-11-19-nyilt-nap-a-gimnaziumban\/\",\"url\":\"https:\/\/szekacs.lutheran.hu\/iskola\/galeriak\/2021-11-19-nyilt-nap-a-gimnaziumban\/\",\"name\":\"2021-11-19 Ny\u00edlt nap a gimn\u00e1ziumban - Sz\u00e9k\u00e1cs J\u00f3zsef Evang\u00e9likus \u00d3voda, \u00c1ltal\u00e1nos Iskola \u00e9s Gimn\u00e1zium\",\"isPartOf\":{\"@id\":\"https:\/\/szekacs.lutheran.hu\/iskola\/#website\"},\"datePublished\":\"2021-11-19T14:24:12+00:00\",\"dateModified\":\"2022-02-09T13:57:21+00:00\",\"breadcrumb\":{\"@id\":\"https:\/\/szekacs.lutheran.hu\/iskola\/galeriak\/2021-11-19-nyilt-nap-a-gimnaziumban\/#breadcrumb\"},\"inLanguage\":\"hu\",\"potentialAction\":[{\"@type\":\"ReadAction\",\"target\":[\"https:\/\/szekacs.lutheran.hu\/iskola\/galeriak\/2021-11-19-nyilt-nap-a-gimnaziumban\/\"]}]},{\"@type\":\"BreadcrumbList\",\"@id\":\"https:\/\/szekacs.lutheran.hu\/iskola\/galeriak\/2021-11-19-nyilt-nap-a-gimnaziumban\/#breadcrumb\",\"itemListElement\":[{\"@type\":\"ListItem\",\"position\":1,\"name\":\"Home\",\"item\":\"https:\/\/szekacs.lutheran.hu\/iskola\/\"},{\"@type\":\"ListItem\",\"position\":2,\"name\":\"2021-11-19 Ny\u00edlt nap a gimn\u00e1ziumban\"}]},{\"@type\":\"WebSite\",\"@id\":\"https:\/\/szekacs.lutheran.hu\/iskola\/#website\",\"url\":\"https:\/\/szekacs.lutheran.hu\/iskola\/\",\"name\":\"Sz\u00e9k\u00e1cs J\u00f3zsef Evang\u00e9likus \u00d3voda, \u00c1ltal\u00e1nos Iskola \u00e9s Gimn\u00e1zium\",\"description\":\"\",\"potentialAction\":[{\"@type\":\"SearchAction\",\"target\":{\"@type\":\"EntryPoint\",\"urlTemplate\":\"https:\/\/szekacs.lutheran.hu\/iskola\/?s={search_term_string}\"},\"query-input\":{\"@type\":\"PropertyValueSpecification\",\"valueRequired\":true,\"valueName\":\"search_term_string\"}}],\"inLanguage\":\"hu\"}]}<\/script>\n<!-- \/ Yoast SEO plugin. -->","yoast_head_json":{"title":"2021-11-19 Ny\u00edlt nap a gimn\u00e1ziumban - Sz\u00e9k\u00e1cs J\u00f3zsef Evang\u00e9likus \u00d3voda, \u00c1ltal\u00e1nos Iskola \u00e9s Gimn\u00e1zium","robots":{"index":"index","follow":"follow","max-snippet":"max-snippet:-1","max-image-preview":"max-image-preview:large","max-video-preview":"max-video-preview:-1"},"canonical":"https:\/\/szekacs.lutheran.hu\/iskola\/galeriak\/2021-11-19-nyilt-nap-a-gimnaziumban\/","og_locale":"hu_HU","og_type":"article","og_title":"2021-11-19 Ny\u00edlt nap a gimn\u00e1ziumban - Sz\u00e9k\u00e1cs J\u00f3zsef Evang\u00e9likus \u00d3voda, \u00c1ltal\u00e1nos Iskola \u00e9s Gimn\u00e1zium","og_url":"https:\/\/szekacs.lutheran.hu\/iskola\/galeriak\/2021-11-19-nyilt-nap-a-gimnaziumban\/","og_site_name":"Sz\u00e9k\u00e1cs J\u00f3zsef Evang\u00e9likus \u00d3voda, \u00c1ltal\u00e1nos Iskola \u00e9s Gimn\u00e1zium","article_modified_time":"2022-02-09T13:57:21+00:00","twitter_card":"summary_large_image","schema":{"@context":"https:\/\/schema.org","@graph":[{"@type":"WebPage","@id":"https:\/\/szekacs.lutheran.hu\/iskola\/galeriak\/2021-11-19-nyilt-nap-a-gimnaziumban\/","url":"https:\/\/szekacs.lutheran.hu\/iskola\/galeriak\/2021-11-19-nyilt-nap-a-gimnaziumban\/","name":"2021-11-19 Ny\u00edlt nap a gimn\u00e1ziumban - Sz\u00e9k\u00e1cs J\u00f3zsef Evang\u00e9likus \u00d3voda, \u00c1ltal\u00e1nos Iskola \u00e9s Gimn\u00e1zium","isPartOf":{"@id":"https:\/\/szekacs.lutheran.hu\/iskola\/#website"},"datePublished":"2021-11-19T14:24:12+00:00","dateModified":"2022-02-09T13:57:21+00:00","breadcrumb":{"@id":"https:\/\/szekacs.lutheran.hu\/iskola\/galeriak\/2021-11-19-nyilt-nap-a-gimnaziumban\/#breadcrumb"},"inLanguage":"hu","potentialAction":[{"@type":"ReadAction","target":["https:\/\/szekacs.lutheran.hu\/iskola\/galeriak\/2021-11-19-nyilt-nap-a-gimnaziumban\/"]}]},{"@type":"BreadcrumbList","@id":"https:\/\/szekacs.lutheran.hu\/iskola\/galeriak\/2021-11-19-nyilt-nap-a-gimnaziumban\/#breadcrumb","itemListElement":[{"@type":"ListItem","position":1,"name":"Home","item":"https:\/\/szekacs.lutheran.hu\/iskola\/"},{"@type":"ListItem","position":2,"name":"2021-11-19 Ny\u00edlt nap a gimn\u00e1ziumban"}]},{"@type":"WebSite","@id":"https:\/\/szekacs.lutheran.hu\/iskola\/#website","url":"https:\/\/szekacs.lutheran.hu\/iskola\/","name":"Sz\u00e9k\u00e1cs J\u00f3zsef Evang\u00e9likus \u00d3voda, \u00c1ltal\u00e1nos Iskola \u00e9s Gimn\u00e1zium","description":"","potentialAction":[{"@type":"SearchAction","target":{"@type":"EntryPoint","urlTemplate":"https:\/\/szekacs.lutheran.hu\/iskola\/?s={search_term_string}"},"query-input":{"@type":"PropertyValueSpecification","valueRequired":true,"valueName":"search_term_string"}}],"inLanguage":"hu"}]}},"gallery_data":{"id":24957,"gallery":[{"status":"active","src":"https:\/\/szekacs.lutheran.hu\/iskola\/wp-content\/uploads\/2021\/11\/IMG_0947-860x573.jpg","title":"Tabletek seg\u00edtik a matektanul\u00e1st","link":"https:\/\/szekacs.lutheran.hu\/iskola\/wp-content\/uploads\/2021\/11\/IMG_0947.jpg","alt":"","caption":"","thumb":"","tags":[],"id":24955,"height":573,"width":860},{"status":"active","src":"https:\/\/szekacs.lutheran.hu\/iskola\/wp-content\/uploads\/2021\/11\/IMG_0944-860x573.jpg","title":"Szeretem a matekot - m\u00e9g ez is lehets\u00e9ges?","link":"https:\/\/szekacs.lutheran.hu\/iskola\/wp-content\/uploads\/2021\/11\/IMG_0944.jpg","alt":"","caption":"","thumb":"","tags":[],"id":24954,"height":573,"width":860},{"status":"active","src":"https:\/\/szekacs.lutheran.hu\/iskola\/wp-content\/uploads\/2021\/11\/IMG_0940-e1637333192870-860x1290.jpg","title":"Az angol\u00f3r\u00e1n k\u00f6telez\u0151 volt a telefonhaszn\u00e1lat","link":"https:\/\/szekacs.lutheran.hu\/iskola\/wp-content\/uploads\/2021\/11\/IMG_0940.jpg","alt":"","caption":"","thumb":"","tags":[],"id":24953,"height":1290,"width":860},{"status":"active","src":"https:\/\/szekacs.lutheran.hu\/iskola\/wp-content\/uploads\/2021\/11\/IMG_0926-860x573.jpg","title":"A robotika szakk\u00f6r \u00e1ltal \u00e9p\u00edtett k\u00e9zfert\u0151tlen\u00edt\u0151 robot","link":"https:\/\/szekacs.lutheran.hu\/iskola\/wp-content\/uploads\/2021\/11\/IMG_0926.jpg","alt":"","caption":"","thumb":"","tags":[],"id":24951,"height":573,"width":860},{"status":"active","src":"https:\/\/szekacs.lutheran.hu\/iskola\/wp-content\/uploads\/2021\/11\/IMG_0924-e1637333227858-860x1290.jpg","title":"Term\u00e9szettudom\u00e1nyos \u00e9s k\u00e9pz\u0151m\u0171v\u00e9szeti ki\u00e1ll\u00edt\u00e1s is megtekinthet\u0151 volt","link":"https:\/\/szekacs.lutheran.hu\/iskola\/wp-content\/uploads\/2021\/11\/IMG_0924.jpg","alt":"","caption":"","thumb":"","tags":[],"id":24950,"height":1290,"width":860},{"status":"active","src":"https:\/\/szekacs.lutheran.hu\/iskola\/wp-content\/uploads\/2021\/11\/IMG_0928-860x573.jpg","title":"Di\u00e1kok mutatt\u00e1k meg az iskol\u00e1t a ny\u00edlt napon","link":"https:\/\/szekacs.lutheran.hu\/iskola\/wp-content\/uploads\/2021\/11\/IMG_0928.jpg","alt":"","caption":"","thumb":"","tags":[],"id":24952,"height":573,"width":860},{"status":"active","src":"https:\/\/szekacs.lutheran.hu\/iskola\/wp-content\/uploads\/2021\/11\/IMG_0910-860x573.jpg","title":"\u00d6rd\u00f6g Endre is k\u00f6sz\u00f6ntette a r\u00e9sztvev\u0151ket","link":"https:\/\/szekacs.lutheran.hu\/iskola\/wp-content\/uploads\/2021\/11\/IMG_0910.jpg","alt":"","caption":"","thumb":"","tags":[],"id":24949,"height":573,"width":860},{"status":"active","src":"https:\/\/szekacs.lutheran.hu\/iskola\/wp-content\/uploads\/2021\/11\/IMG_0906-860x573.jpg","title":"Angoltan\u00e1rok felk\u00e9sz\u00fcl\u00e9se a foglalkoz\u00e1sra","link":"https:\/\/szekacs.lutheran.hu\/iskola\/wp-content\/uploads\/2021\/11\/IMG_0906.jpg","alt":"","caption":"","thumb":"","tags":[],"id":24948,"height":573,"width":860},{"status":"active","src":"https:\/\/szekacs.lutheran.hu\/iskola\/wp-content\/uploads\/2021\/11\/IMG_0903-860x573.jpg","title":"K\u00e9zfert\u0151tlen\u00edt\u00e9s robotiz\u00e1lt seg\u00edts\u00e9ggel","link":"https:\/\/szekacs.lutheran.hu\/iskola\/wp-content\/uploads\/2021\/11\/IMG_0903.jpg","alt":"","caption":"","thumb":"","tags":[],"id":24947,"height":573,"width":860}],"config":{"type":"default","columns":"0","gallery_theme":"base","justified_margins":1,"justified_last_row":"nojustify","lazy_loading":1,"lazy_loading_delay":500,"gutter":10,"margin":10,"image_size":"default","crop_width":640,"crop_height":480,"crop":0,"crop_position":"c","additional_copy_0":0,"additional_copy_title":0,"additional_copy_caption":0,"additional_copy_0_mobile":0,"additional_copy_title_mobile":0,"additional_copy_caption_mobile":0,"additional_copy_automatic_0":0,"additional_copy_automatic_title":1,"additional_copy_automatic_caption":1,"additional_copy_automatic_0_mobile":0,"additional_copy_automatic_title_mobile":1,"additional_copy_automatic_caption_mobile":1,"justified_row_height":150,"description_position":"above","description":"<p>2021-11-19 Ny\u00edlt nap a gimn\u00e1ziumban<\/p>\n","random":"0","sort_order":"0","sorting_direction":"ASC","image_sizes_random":[],"isotope":1,"lightbox_enabled":1,"gallery_link_enabled":1,"lightbox_theme":"base_dark","lightbox_image_size":"default","title_display":"float","lightbox_title_caption":"title","arrows":1,"arrows_position":"inside","toolbar":0,"toolbar_title":0,"toolbar_position":"top","loop":1,"lightbox_open_close_effect":"fade","effect":"fade","supersize":0,"thumbnails_toggle":0,"thumbnails_hide":0,"image_counter":0,"thumbnails":1,"thumbnails_width":75,"thumbnails_height":50,"thumbnails_position":"bottom","thumbnails_custom_size":0,"mobile":1,"mobile_width":320,"mobile_height":240,"mobile_lightbox":1,"mobile_gallery_link_enabled":0,"mobile_arrows":1,"mobile_toolbar":1,"mobile_thumbnails":1,"mobile_touchwipe_close":0,"mobile_thumbnails_width":75,"mobile_thumbnails_height":50,"mobile_justified_row_height":80,"keyboard":true,"standalone_template":"","classes":["envira-default-gallery"],"rtl":0,"slug":"2021-11-19-nyilt-nap-a-gimnaziumban","native_gallery_override":0,"pagination":0,"pagination_position":"above","pagination_images_per_page":1,"pagination_prev_next":"numbered_previous_next","pagination_prev_text":"","pagination_next_text":"","pagination_scroll":0,"pagination_ajax_load":0,"pagination_button_text":"","pagination_lightbox_display_all_images":0,"mobile_pagination_images_per_page":0,"mobile_pagination_prev_next":"numbered_previous_next","slideshow":0,"autoplay":0,"slideshow_hover":0,"ss_speed":0,"tags":0,"tags_filter":false,"tags_position":"above","tags_all_enabled":0,"tags_all":"","tags_sorting":"","tags_manual_sorting":false,"tags_display":"","tags_scroll":0,"tags_mobile":0,"tags_count":0,"watermarking":0,"watermarking_image_id":0,"watermarking_position":"top-left","watermarking_margin":0,"layout":"automatic","title":"2021-11-19 Ny\u00edlt nap a gimn\u00e1ziumban"}},"_links":{"self":[{"href":"https:\/\/szekacs.lutheran.hu\/iskola\/wp-json\/wp\/v2\/envira-gallery\/24957","targetHints":{"allow":["GET"]}}],"collection":[{"href":"https:\/\/szekacs.lutheran.hu\/iskola\/wp-json\/wp\/v2\/envira-gallery"}],"about":[{"href":"https:\/\/szekacs.lutheran.hu\/iskola\/wp-json\/wp\/v2\/types\/envira"}],"author":[{"embeddable":true,"href":"https:\/\/szekacs.lutheran.hu\/iskola\/wp-json\/wp\/v2\/users\/1"}],"wp:attachment":[{"href":"https:\/\/szekacs.lutheran.hu\/iskola\/wp-json\/wp\/v2\/media?parent=24957"}],"curies":[{"name":"wp","href":"https:\/\/api.w.org\/{rel}","templated":true}]}}

2021-11-19 Nyílt nap a gimnáziumban

<!-- This site is optimized with the Yoast SEO plugin v26.2 - https://yoast.com/wordpress/plugins/seo/ -->
<title>2021-11-19 Nyílt nap a gimnáziumban - Székács József Evangélikus Óvoda, Általános Iskola és Gimnázium</title>
<meta name="robots" content="index, follow, max-snippet:-1, max-image-preview:large, max-video-preview:-1" />
<link rel="canonical" href="https://szekacs.lutheran.hu/iskola/galeriak/2021-11-19-nyilt-nap-a-gimnaziumban/" />
<meta property="og:locale" content="hu_HU" />
<meta property="og:type" content="article" />
<meta property="og:title" content="2021-11-19 Nyílt nap a gimnáziumban - Székács József Evangélikus Óvoda, Általános Iskola és Gimnázium" />
<meta property="og:url" content="https://szekacs.lutheran.hu/iskola/galeriak/2021-11-19-nyilt-nap-a-gimnaziumban/" />
<meta property="og:site_name" content="Székács József Evangélikus Óvoda, Általános Iskola és Gimnázium" />
<meta property="article:modified_time" content="2022-02-09T13:57:21+00:00" />
<meta name="twitter:card" content="summary_large_image" />
<script type="application/ld+json" class="yoast-schema-graph">{"@context":"https://schema.org","@graph":[{"@type":"WebPage","@id":"https://szekacs.lutheran.hu/iskola/galeriak/2021-11-19-nyilt-nap-a-gimnaziumban/","url":"https://szekacs.lutheran.hu/iskola/galeriak/2021-11-19-nyilt-nap-a-gimnaziumban/","name":"2021-11-19 Nyílt nap a gimnáziumban - Székács József Evangélikus Óvoda, Általános Iskola és Gimnázium","isPartOf":{"@id":"https://szekacs.lutheran.hu/iskola/#website"},"datePublished":"2021-11-19T14:24:12+00:00","dateModified":"2022-02-09T13:57:21+00:00","breadcrumb":{"@id":"https://szekacs.lutheran.hu/iskola/galeriak/2021-11-19-nyilt-nap-a-gimnaziumban/#breadcrumb"},"inLanguage":"hu","potentialAction":[{"@type":"ReadAction","target":["https://szekacs.lutheran.hu/iskola/galeriak/2021-11-19-nyilt-nap-a-gimnaziumban/"]}]},{"@type":"BreadcrumbList","@id":"https://szekacs.lutheran.hu/iskola/galeriak/2021-11-19-nyilt-nap-a-gimnaziumban/#breadcrumb","itemListElement":[{"@type":"ListItem","position":1,"name":"Home","item":"https://szekacs.lutheran.hu/iskola/"},{"@type":"ListItem","position":2,"name":"2021-11-19 Nyílt nap a gimnáziumban"}]},{"@type":"WebSite","@id":"https://szekacs.lutheran.hu/iskola/#website","url":"https://szekacs.lutheran.hu/iskola/","name":"Székács József Evangélikus Óvoda, Általános Iskola és Gimnázium","description":"","potentialAction":[{"@type":"SearchAction","target":{"@type":"EntryPoint","urlTemplate":"https://szekacs.lutheran.hu/iskola/?s={search_term_string}"},"query-input":{"@type":"PropertyValueSpecification","valueRequired":true,"valueName":"search_term_string"}}],"inLanguage":"hu"}]}</script>
<!-- / Yoast SEO plugin. -->

2021-11-19 Nyílt nap a gimnáziumban - Székács József Evangélikus Óvoda, Általános Iskola és Gimnázium

Székács József Evangélikus Óvoda, Általános Iskola és Gimnázium

Tabletek segítik a matektanulást

Szeretem a matekot - még ez is lehetséges?

Az angolórán kötelező volt a telefonhasználat

A robotika szakkör által épített kézfertőtlenítő robot

Természettudományos és képzőművészeti kiállítás is megtekinthető volt

Diákok mutatták meg az iskolát a nyílt napon

Ördög Endre is köszöntette a résztvevőket

Angoltanárok felkészülése a foglalkozásra

Kézfertőtlenítés robotizált segítséggel

<p>2021-11-19 Nyílt nap a gimnáziumban</p>
